{"id":9,"date":"2019-03-08T00:43:08","date_gmt":"2019-03-08T00:43:08","guid":{"rendered":"https:\/\/2019.portoalegre.wordcamp.org\/sessions\/"},"modified":"2019-05-15T14:03:39","modified_gmt":"2019-05-15T17:03:39","slug":"palestras","status":"publish","type":"page","link":"https:\/\/portoalegre.wordcamp.org\/2019\/palestras\/","title":{"rendered":"Palestras"},"content":{"rendered":"\n<p>Confira as palestras do WordCamp Porto Alegre 2019!<\/p>\n\n\n<table class=\"wcpt-schedule\" border=\"0\"><thead><tr><th class=\"wcpt-col-time\">Hora<\/th><th class=\"wcpt-col-track\"> <span class=\"wcpt-track-name\">Principal<\/span> <span class=\"wcpt-track-description\"><\/span> <\/th><\/tr><\/thead><tbody><tr class=\"wcpt-time-800am global-session credenciamento\"><td class=\"wcpt-time\">8:00&nbsp;am<\/td><td colspan=\"1\" class=\"wcb-track-principal wcpt-session-type-session wcb-session-credenciamento\" data-track-title=\"Principal\" data-session-id=\"558\"><div class=\"wcb-session-cell-content\"><a class=\"wcpt-session-title\" href=\"https:\/\/portoalegre.wordcamp.org\/2019\/session\/credenciamento\/\">Credenciamento<\/a><\/div><div class=\"wcb-session-favourite-icon\"><a href=\"#\" role=\"button\" class=\"fav-session-button\" aria-pressed=\"false\"><span class=\"screen-reader-text\">Palestra favorita: Credenciamento<\/span><span class=\"dashicons dashicons-star-filled\"><\/span><\/a><\/div><\/td><\/tr><tr class=\"wcpt-time-830am global-session caf-da-manh\"><td class=\"wcpt-time\">8:30&nbsp;am<\/td><td colspan=\"1\" class=\"wcb-track-principal wcpt-session-type-session wcb-session-cafe-da-manha\" data-track-title=\"Principal\" data-session-id=\"560\"><div class=\"wcb-session-cell-content\"><a class=\"wcpt-session-title\" href=\"https:\/\/portoalegre.wordcamp.org\/2019\/session\/cafe-da-manha\/\">Caf\u00e9 da manh\u00e3<\/a><\/div><div class=\"wcb-session-favourite-icon\"><a href=\"#\" role=\"button\" class=\"fav-session-button\" aria-pressed=\"false\"><span class=\"screen-reader-text\">Palestra favorita: Caf\u00e9 da manh\u00e3<\/span><span class=\"dashicons dashicons-star-filled\"><\/span><\/a><\/div><\/td><\/tr><tr class=\"wcpt-time-900am global-session abertura\"><td class=\"wcpt-time\">9:00&nbsp;am<\/td><td colspan=\"1\" class=\"wcb-track-principal wcpt-session-type-session wcb-session-abertura\" data-track-title=\"Principal\" data-session-id=\"562\"><div class=\"wcb-session-cell-content\"><a class=\"wcpt-session-title\" href=\"https:\/\/portoalegre.wordcamp.org\/2019\/session\/abertura\/\">Abertura<\/a><\/div><div class=\"wcb-session-favourite-icon\"><a href=\"#\" role=\"button\" class=\"fav-session-button\" aria-pressed=\"false\"><span class=\"screen-reader-text\">Palestra favorita: Abertura<\/span><span class=\"dashicons dashicons-star-filled\"><\/span><\/a><\/div><\/td><\/tr><tr class=\"wcpt-time-915am global-session wordpress-voc-imparvel\"><td class=\"wcpt-time\">9:15&nbsp;am<\/td><td colspan=\"1\" class=\"wcb-speaker-marcele-bona-alvim wcb-track-principal wcpt-session-type-session wcb-session-palestra-9\" data-track-title=\"Principal\" data-session-id=\"591\"><div class=\"wcb-session-cell-content\"><a class=\"wcpt-session-title\" href=\"https:\/\/portoalegre.wordcamp.org\/2019\/session\/palestra-9\/\">WordPress + Voc\u00ea = Impar\u00e1vel<\/a> <span class=\"wcpt-session-speakers\"><a href=\"https:\/\/portoalegre.wordcamp.org\/2019\/palestrantes\/#wcorg-speaker-marcele-bona-alvim\">Marcele Bona Alvim<\/a><\/span><\/div><div class=\"wcb-session-favourite-icon\"><a href=\"#\" role=\"button\" class=\"fav-session-button\" aria-pressed=\"false\"><span class=\"screen-reader-text\">Palestra favorita: WordPress + Voc\u00ea = Impar\u00e1vel<\/span><span class=\"dashicons dashicons-star-filled\"><\/span><\/a><\/div><\/td><\/tr><tr class=\"wcpt-time-945am global-session planejando-contedo-para-seu-segmento-de-mercado\"><td class=\"wcpt-time\">9:45&nbsp;am<\/td><td colspan=\"1\" class=\"wcb-speaker-fernando-santos wcb-track-principal wcpt-session-type-session wcb-session-palestra-2\" data-track-title=\"Principal\" data-session-id=\"566\"><div class=\"wcb-session-cell-content\"><a class=\"wcpt-session-title\" href=\"https:\/\/portoalegre.wordcamp.org\/2019\/session\/palestra-2\/\">Planejando conte\u00fado para seu segmento de mercado<\/a> <span class=\"wcpt-session-speakers\"><a href=\"https:\/\/portoalegre.wordcamp.org\/2019\/palestrantes\/#wcorg-speaker-fernando-santos\">Fernando Santos<\/a><\/span><\/div><div class=\"wcb-session-favourite-icon\"><a href=\"#\" role=\"button\" class=\"fav-session-button\" aria-pressed=\"false\"><span class=\"screen-reader-text\">Palestra favorita: Planejando conte\u00fado para seu segmento de mercado<\/span><span class=\"dashicons dashicons-star-filled\"><\/span><\/a><\/div><\/td><\/tr><tr class=\"wcpt-time-1015am global-session segurana-em-plugins-e-temas-uma-questo-de-detalhes\"><td class=\"wcpt-time\">10:15&nbsp;am<\/td><td colspan=\"1\" class=\"wcb-speaker-arindo-duque wcb-track-principal wcpt-session-type-session wcb-session-palestra-3\" data-track-title=\"Principal\" data-session-id=\"568\"><div class=\"wcb-session-cell-content\"><a class=\"wcpt-session-title\" href=\"https:\/\/portoalegre.wordcamp.org\/2019\/session\/palestra-3\/\">Seguran\u00e7a em Plugins e Temas: uma quest\u00e3o de detalhes<\/a> <span class=\"wcpt-session-speakers\"><a href=\"https:\/\/portoalegre.wordcamp.org\/2019\/palestrantes\/#wcorg-speaker-arindo-duque\">Arindo Duque<\/a><\/span><\/div><div class=\"wcb-session-favourite-icon\"><a href=\"#\" role=\"button\" class=\"fav-session-button\" aria-pressed=\"false\"><span class=\"screen-reader-text\">Palestra favorita: Seguran\u00e7a em Plugins e Temas: uma quest\u00e3o de detalhes<\/span><span class=\"dashicons dashicons-star-filled\"><\/span><\/a><\/div><\/td><\/tr><tr class=\"wcpt-time-1045am global-session blog-wordpress-para-iniciantes-desafios-e-estratgias-de-criao-de-contedo\"><td class=\"wcpt-time\">10:45&nbsp;am<\/td><td colspan=\"1\" class=\"wcb-speaker-bruna-lima-peixoto wcb-track-principal wcpt-session-type-session wcb-session-palestra-4\" data-track-title=\"Principal\" data-session-id=\"570\"><div class=\"wcb-session-cell-content\"><a class=\"wcpt-session-title\" href=\"https:\/\/portoalegre.wordcamp.org\/2019\/session\/palestra-4\/\">Blog WordPress para iniciantes: desafios e estrat\u00e9gias de cria\u00e7\u00e3o de conte\u00fado<\/a> <span class=\"wcpt-session-speakers\"><a href=\"https:\/\/portoalegre.wordcamp.org\/2019\/palestrantes\/#wcorg-speaker-bruna-lima-peixoto\">Bruna Lima Peixoto<\/a><\/span><\/div><div class=\"wcb-session-favourite-icon\"><a href=\"#\" role=\"button\" class=\"fav-session-button\" aria-pressed=\"false\"><span class=\"screen-reader-text\">Palestra favorita: Blog WordPress para iniciantes: desafios e estrat\u00e9gias de cria\u00e7\u00e3o de conte\u00fado<\/span><span class=\"dashicons dashicons-star-filled\"><\/span><\/a><\/div><\/td><\/tr><tr class=\"wcpt-time-1115am global-session criando-um-site-wordpress-100-personalizado-100-programao-e-100-custo\"><td class=\"wcpt-time\">11:15&nbsp;am<\/td><td colspan=\"1\" class=\"wcb-speaker-vanderlei-dagostim-junior wcb-track-principal wcpt-session-type-session wcb-session-palestra-5\" data-track-title=\"Principal\" data-session-id=\"572\"><div class=\"wcb-session-cell-content\"><a class=\"wcpt-session-title\" href=\"https:\/\/portoalegre.wordcamp.org\/2019\/session\/palestra-5\/\">Criando um site WordPress 100% personalizado, 100 programa\u00e7\u00e3o e 100 custo<\/a> <span class=\"wcpt-session-speakers\"><a href=\"https:\/\/portoalegre.wordcamp.org\/2019\/palestrantes\/#wcorg-speaker-vanderlei-dagostim-junior\">Vanderlei Dagostim Junior<\/a><\/span><\/div><div class=\"wcb-session-favourite-icon\"><a href=\"#\" role=\"button\" class=\"fav-session-button\" aria-pressed=\"false\"><span class=\"screen-reader-text\">Palestra favorita: Criando um site WordPress 100% personalizado, 100 programa\u00e7\u00e3o e 100 custo<\/span><span class=\"dashicons dashicons-star-filled\"><\/span><\/a><\/div><\/td><\/tr><tr class=\"wcpt-time-1145am global-session almoo\"><td class=\"wcpt-time\">11:45&nbsp;am<\/td><td colspan=\"1\" class=\"wcb-track-principal wcpt-session-type-session wcb-session-almoco\" data-track-title=\"Principal\" data-session-id=\"574\"><div class=\"wcb-session-cell-content\"><a class=\"wcpt-session-title\" href=\"https:\/\/portoalegre.wordcamp.org\/2019\/session\/almoco\/\">Almo\u00e7o<\/a><\/div><div class=\"wcb-session-favourite-icon\"><a href=\"#\" role=\"button\" class=\"fav-session-button\" aria-pressed=\"false\"><span class=\"screen-reader-text\">Palestra favorita: Almo\u00e7o<\/span><span class=\"dashicons dashicons-star-filled\"><\/span><\/a><\/div><\/td><\/tr><tr class=\"wcpt-time-115pm global-session wordpress-meu-1-passo-para-o-sucesso\"><td class=\"wcpt-time\">1:15&nbsp;pm<\/td><td colspan=\"1\" class=\"wcb-speaker-tiago-pinheiro wcb-track-principal wcpt-session-type-session wcb-session-palestra-6\" data-track-title=\"Principal\" data-session-id=\"585\"><div class=\"wcb-session-cell-content\"><a class=\"wcpt-session-title\" href=\"https:\/\/portoalegre.wordcamp.org\/2019\/session\/palestra-6\/\">WordPress, meu 1\u00b0 passo para o Sucesso<\/a> <span class=\"wcpt-session-speakers\"><a href=\"https:\/\/portoalegre.wordcamp.org\/2019\/palestrantes\/#wcorg-speaker-tiago-pinheiro\">Tiago Pinheiro<\/a><\/span><\/div><div class=\"wcb-session-favourite-icon\"><a href=\"#\" role=\"button\" class=\"fav-session-button\" aria-pressed=\"false\"><span class=\"screen-reader-text\">Palestra favorita: WordPress, meu 1\u00b0 passo para o Sucesso<\/span><span class=\"dashicons dashicons-star-filled\"><\/span><\/a><\/div><\/td><\/tr><tr class=\"wcpt-time-145pm global-session a-lei-geral-de-proteo-de-dados-pessoais-lgpd-desafios-e-oportunidades\"><td class=\"wcpt-time\">1:45&nbsp;pm<\/td><td colspan=\"1\" class=\"wcb-speaker-rita-silvana-assumpcao wcb-track-principal wcpt-session-type-session wcb-session-palestra-7\" data-track-title=\"Principal\" data-session-id=\"587\"><div class=\"wcb-session-cell-content\"><a class=\"wcpt-session-title\" href=\"https:\/\/portoalegre.wordcamp.org\/2019\/session\/palestra-7\/\">A lei geral de prote\u00e7\u00e3o de dados pessoais (LGPD), desafios e oportunidades<\/a> <span class=\"wcpt-session-speakers\"><a href=\"https:\/\/portoalegre.wordcamp.org\/2019\/palestrantes\/#wcorg-speaker-rita-silvana-assumpcao\">Rita Silvana Assump\u00e7\u00e3o<\/a><\/span><\/div><div class=\"wcb-session-favourite-icon\"><a href=\"#\" role=\"button\" class=\"fav-session-button\" aria-pressed=\"false\"><span class=\"screen-reader-text\">Palestra favorita: A lei geral de prote\u00e7\u00e3o de dados pessoais (LGPD), desafios e oportunidades<\/span><span class=\"dashicons dashicons-star-filled\"><\/span><\/a><\/div><\/td><\/tr><tr class=\"wcpt-time-215pm global-session precificao-em-negcios-digitais\"><td class=\"wcpt-time\">2:15&nbsp;pm<\/td><td colspan=\"1\" class=\"wcb-speaker-larissa-sielichoff wcb-track-principal wcpt-session-type-session wcb-session-palestra-8\" data-track-title=\"Principal\" data-session-id=\"589\"><div class=\"wcb-session-cell-content\"><a class=\"wcpt-session-title\" href=\"https:\/\/portoalegre.wordcamp.org\/2019\/session\/palestra-8\/\">Precifica\u00e7\u00e3o em Neg\u00f3cios Digitais<\/a> <span class=\"wcpt-session-speakers\"><a href=\"https:\/\/portoalegre.wordcamp.org\/2019\/palestrantes\/#wcorg-speaker-larissa-sielichoff\">Larissa Sielichoff<\/a><\/span><\/div><div class=\"wcb-session-favourite-icon\"><a href=\"#\" role=\"button\" class=\"fav-session-button\" aria-pressed=\"false\"><span class=\"screen-reader-text\">Palestra favorita: Precifica\u00e7\u00e3o em Neg\u00f3cios Digitais<\/span><span class=\"dashicons dashicons-star-filled\"><\/span><\/a><\/div><\/td><\/tr><tr class=\"wcpt-time-245pm global-session wordpress-como-um-back-end-de-seus-aplicativos\"><td class=\"wcpt-time\">2:45&nbsp;pm<\/td><td colspan=\"1\" class=\"wcb-speaker-jackson-fondam wcb-track-principal wcb-session-category-comunidade wcpt-session-type-session wcb-session-palestra-1\" data-track-title=\"Principal\" data-session-id=\"564\"><div class=\"wcb-session-cell-content\"><a class=\"wcpt-session-title\" href=\"https:\/\/portoalegre.wordcamp.org\/2019\/session\/palestra-1\/\">WordPress como um back-end de seus aplicativos<\/a> <span class=\"wcpt-session-speakers\"><a href=\"https:\/\/portoalegre.wordcamp.org\/2019\/palestrantes\/#wcorg-speaker-jackson-fondam\">Jackson Mafra<\/a><\/span><\/div><div class=\"wcb-session-favourite-icon\"><a href=\"#\" role=\"button\" class=\"fav-session-button\" aria-pressed=\"false\"><span class=\"screen-reader-text\">Palestra favorita: WordPress como um back-end de seus aplicativos<\/span><span class=\"dashicons dashicons-star-filled\"><\/span><\/a><\/div><\/td><\/tr><tr class=\"wcpt-time-315pm global-session caf-da-tarde\"><td class=\"wcpt-time\">3:15&nbsp;pm<\/td><td colspan=\"1\" class=\"wcb-track-principal wcpt-session-type-session wcb-session-cafe-da-tarde\" data-track-title=\"Principal\" data-session-id=\"593\"><div class=\"wcb-session-cell-content\"><a class=\"wcpt-session-title\" href=\"https:\/\/portoalegre.wordcamp.org\/2019\/session\/cafe-da-tarde\/\">Caf\u00e9 da Tarde<\/a><\/div><div class=\"wcb-session-favourite-icon\"><a href=\"#\" role=\"button\" class=\"fav-session-button\" aria-pressed=\"false\"><span class=\"screen-reader-text\">Palestra favorita: Caf\u00e9 da Tarde<\/span><span class=\"dashicons dashicons-star-filled\"><\/span><\/a><\/div><\/td><\/tr><tr class=\"wcpt-time-345pm global-session painel-o-que-esperar-do-futuro-do-wordpress\"><td class=\"wcpt-time\">3:45&nbsp;pm<\/td><td colspan=\"1\" class=\"wcb-speaker-rafael-funchal wcb-speaker-marco-andrei-kichalowsky wcb-speaker-eduardo-pittol wcb-speaker-rodrigo-donini wcb-track-principal wcpt-session-type-session wcb-session-painel\" data-track-title=\"Principal\" data-session-id=\"597\"><div class=\"wcb-session-cell-content\"><a class=\"wcpt-session-title\" href=\"https:\/\/portoalegre.wordcamp.org\/2019\/session\/painel\/\">Painel: O que esperar do futuro do WordPress<\/a> <span class=\"wcpt-session-speakers\"><a href=\"https:\/\/portoalegre.wordcamp.org\/2019\/palestrantes\/#wcorg-speaker-rafael-funchal\">Rafael Funchal<\/a>, <a href=\"https:\/\/portoalegre.wordcamp.org\/2019\/palestrantes\/#wcorg-speaker-marco-andrei-kichalowsky\">Marco Andrei Kichalowsky<\/a>, <a href=\"https:\/\/portoalegre.wordcamp.org\/2019\/palestrantes\/#wcorg-speaker-eduardo-pittol\">Eduardo Pittol<\/a>, <a href=\"https:\/\/portoalegre.wordcamp.org\/2019\/palestrantes\/#wcorg-speaker-rodrigo-donini\">Rodrigo Donini<\/a><\/span><\/div><div class=\"wcb-session-favourite-icon\"><a href=\"#\" role=\"button\" class=\"fav-session-button\" aria-pressed=\"false\"><span class=\"screen-reader-text\">Palestra favorita: Painel: O que esperar do futuro do WordPress<\/span><span class=\"dashicons dashicons-star-filled\"><\/span><\/a><\/div><\/td><\/tr><tr class=\"wcpt-time-445pm global-session encerramento\"><td class=\"wcpt-time\">4:45&nbsp;pm<\/td><td colspan=\"1\" class=\"wcb-track-principal wcpt-session-type-session wcb-session-encerramento\" data-track-title=\"Principal\" data-session-id=\"599\"><div class=\"wcb-session-cell-content\"><a class=\"wcpt-session-title\" href=\"https:\/\/portoalegre.wordcamp.org\/2019\/session\/encerramento\/\">Encerramento<\/a><\/div><div class=\"wcb-session-favourite-icon\"><a href=\"#\" role=\"button\" class=\"fav-session-button\" aria-pressed=\"false\"><span class=\"screen-reader-text\">Palestra favorita: Encerramento<\/span><span class=\"dashicons dashicons-star-filled\"><\/span><\/a><\/div><\/td><\/tr><tr class=\"wcpt-time-500pm global-session wordcana\"><td class=\"wcpt-time\">5:00&nbsp;pm<\/td><td colspan=\"1\" class=\"wcb-track-principal wcpt-session-type-session wcb-session-wordcana\" data-track-title=\"Principal\" data-session-id=\"602\"><div class=\"wcb-session-cell-content\"><a class=\"wcpt-session-title\" href=\"https:\/\/portoalegre.wordcamp.org\/2019\/session\/wordcana\/\">WordCana<\/a><\/div><div class=\"wcb-session-favourite-icon\"><a href=\"#\" role=\"button\" class=\"fav-session-button\" aria-pressed=\"false\"><span class=\"screen-reader-text\">Palestra favorita: WordCana<\/span><span class=\"dashicons dashicons-star-filled\"><\/span><\/a><\/div><\/td><\/tr><\/tbody><\/table>\n\t<div class=\"email-form fav-session-email-form-hide\">\n\t\t<!-- Tab links -->\n\t\t<div class=\"fav-session-share-tab\">\n\t\t\t\t\t\t\t<div class=\"fav-session-tablinks\" id=\"fav-session-btn-email\">\n\t\t\t\t\tE-mail\t\t\t\t<\/div>\n\t\t\t\n\t\t\t<div class=\"fav-session-tablinks\" id=\"fav-session-btn-link\">\n\t\t\t\tLink\t\t\t<\/div>\n\n\t\t\t<div class=\"fav-session-tablinks\" id=\"fav-session-btn-print\">\n\t\t\t\tImprimir\t\t\t<\/div>\n\t\t<\/div>\n\n\t\t<!-- Tab content -->\n\t\t\t\t\t<div id=\"fav-session-tab-email\" class=\"fav-session-share-tabcontent\">\n\t\t\t\t<div id=\"fav-session-email-form\">\n\t\t\t\t\tEnvie-me minhas sess\u00f5es favoritas:\n\t\t\t\t\t<form id=\"fav-sessions-form\">\n\t\t\t\t\t\t<input\n\t\t\t\t\t\t\ttype=\"text\"\n\t\t\t\t\t\t\tname=\"email_address\"\n\t\t\t\t\t\t\tid=\"fav-sessions-email-address\"\n\t\t\t\t\t\t\tplaceholder=\"me@protonmail.com\"\n\t\t\t\t\t\t\/>\n\t\t\t\t\t\t<input type=\"submit\" value=\"Enviar\" \/>\n\t\t\t\t\t<\/form>\n\t\t\t\t<\/div>\n\n\t\t\t\t<div class=\"fav-session-email-wait-spinner\"><\/div>\n\t\t\t\t<div class=\"fav-session-email-result\"><\/div>\n\t\t\t<\/div>\n\t\t\n\t\t<div id=\"fav-session-tab-link\" class=\"fav-session-share-tabcontent\">\n\t\t\tLink compartilh\u00e1vel:\t\t\t<br \/>\n\t\t\t<a id=\"fav-sessions-link\" href=\"\"><\/a>\n\t\t<\/div>\n\n\t\t<div id=\"fav-session-tab-print\" class=\"fav-session-share-tabcontent\">\n\t\t\t<button id=\"fav-session-print\">\n\t\t\t\tImprimir sess\u00f5es favoritas\t\t\t<\/button>\n\t\t<\/div>\n\t<\/div>\n\n\t<a class=\"show-email-form\" href=\"javascript:\">\n\t\t<span class=\"dashicons dashicons-star-filled\"><\/span>\n\t\t<span class=\"dashicons dashicons-email-alt\"><\/span>\n\t<\/a>\n\n\t\n","protected":false},"excerpt":{"rendered":"<p>Confira as palestras do WordCamp Porto Alegre 2019!<\/p>\n","protected":false},"author":254350,"featured_media":0,"parent":0,"menu_order":0,"comment_status":"closed","ping_status":"closed","template":"","meta":{"jetpack_post_was_ever_published":false,"footnotes":""},"class_list":["post-9","page","type-page","status-publish","hentry"],"jetpack_sharing_enabled":true,"jetpack_shortlink":"https:\/\/wp.me\/PaMMH4-9","jetpack_likes_enabled":true,"jetpack-related-posts":[{"id":7,"url":"https:\/\/portoalegre.wordcamp.org\/2019\/programacao\/","url_meta":{"origin":9,"position":0},"title":"Programa\u00e7\u00e3o","author":"Gustavo Tagliassuchi","date":"mar\u00e7o 8, 2019","format":false,"excerpt":"S\u00e1bado, 15 de junho de 2019","rel":"","context":"Post similar","block_context":{"text":"Post similar","link":""},"img":{"alt_text":"","src":"https:\/\/i0.wp.com\/portoalegre.wordcamp.org\/2019\/files\/2019\/04\/WordCampPortoAlegre2019_icon.png?fit=480%2C480&resize=350%2C200#038;ssl=1","width":350,"height":200},"classes":[]},{"id":168,"url":"https:\/\/portoalegre.wordcamp.org\/2019\/edicoes-anteriores\/","url_meta":{"origin":9,"position":1},"title":"Edi\u00e7\u00f5es anteriores","author":"Gustavo Tagliassuchi","date":"mar\u00e7o 28, 2019","format":false,"excerpt":"A cidade de Porto Alegre sedia o WordCamp desde 2013 O WordCamp Porto Alegre \u00e9 organizado por volunt\u00e1rios, dividido em palestras e oficinas. Toda a arrecada\u00e7\u00e3o do evento \u00e9 investido nele mesmo na forma de brindes, estrutura e alimenta\u00e7\u00e3o. Edi\u00e7\u00e3o 2018 Data: 05\/05\/2018N\u00famero de Palestras:\u00a012Total de Participantes: 148P\u00e1gina:\u00a02018.portoalegre.wordcamp.org Edi\u00e7\u00e3o 2017\u2026","rel":"","context":"Post similar","block_context":{"text":"Post similar","link":""},"img":{"alt_text":"","src":"https:\/\/i0.wp.com\/portoalegre.wordcamp.org\/2019\/files\/2019\/04\/WordCampPortoAlegre2019_icon.png?fit=480%2C480&resize=350%2C200#038;ssl=1","width":350,"height":200},"classes":[]},{"id":8,"url":"https:\/\/portoalegre.wordcamp.org\/2019\/palestrantes\/","url_meta":{"origin":9,"position":2},"title":"Palestrantes","author":"Gustavo Tagliassuchi","date":"mar\u00e7o 8, 2019","format":false,"excerpt":"Confira os palestrantes do WordCamp Porto Alegre 2019!","rel":"","context":"Post similar","block_context":{"text":"Post similar","link":""},"img":{"alt_text":"","src":"https:\/\/i0.wp.com\/portoalegre.wordcamp.org\/2019\/files\/2019\/04\/WordCampPortoAlegre2019_icon.png?fit=480%2C480&resize=350%2C200#038;ssl=1","width":350,"height":200},"classes":[]},{"id":302,"url":"https:\/\/portoalegre.wordcamp.org\/2019\/submissao-de-palestras\/","url_meta":{"origin":9,"position":3},"title":"Submiss\u00e3o de palestras","author":"Gustavo Tagliassuchi","date":"abril 3, 2019","format":false,"excerpt":"Agradecemos teu interesse em colaborar com a comunidade. Por favor, preenche o formul\u00e1rio abaixo para podermos saber um pouco mais da tua palestra e de tua experi\u00eancia com o WordPress. Tua candidatura ser\u00e1 analisada pela comiss\u00e3o organizadora e em breve entraremos em contato para te dizer se foste escolhido. Muito\u2026","rel":"","context":"Post similar","block_context":{"text":"Post similar","link":""},"img":{"alt_text":"","src":"https:\/\/i0.wp.com\/portoalegre.wordcamp.org\/2019\/files\/2019\/04\/WordCampPortoAlegre2019_icon.png?fit=480%2C480&resize=350%2C200#038;ssl=1","width":350,"height":200},"classes":[]},{"id":394,"url":"https:\/\/portoalegre.wordcamp.org\/2019\/bienvenido-a-wordcamp-porto-alegre-2019\/","url_meta":{"origin":9,"position":4},"title":"Bienvenido a WordCamp Porto Alegre 2019!","author":"Marco Andrei Kichalowsky","date":"abril 7, 2019","format":false,"excerpt":"La conferencia oficial de WordPress, el sistema de administraci\u00f3n de contenido m\u00e1s popular en el mundo, anuncia su realizaci\u00f3n en la Capital Brasile\u00f1a de los Gauchos en el primer semestre El evento oficial de WordPress, donde se re\u00fane la comunidad de desarrolladores, dise\u00f1adores y usuarios de la plataforma para hablar\u2026","rel":"","context":"Post similar","block_context":{"text":"Post similar","link":""},"img":{"alt_text":"","src":"https:\/\/i0.wp.com\/portoalegre.wordcamp.org\/2019\/files\/2019\/04\/WordCampPortoAlegre2019_icon.png?fit=480%2C480&resize=350%2C200#038;ssl=1","width":350,"height":200},"classes":[]},{"id":19,"url":"https:\/\/portoalegre.wordcamp.org\/2019\/codigo-de-conduta\/","url_meta":{"origin":9,"position":5},"title":"C\u00f3digo de Conduta","author":"Gustavo Tagliassuchi","date":"mar\u00e7o 8, 2019","format":false,"excerpt":"1 - Objetivos O WordCamp Porto Alegre acredita que nossa comunidade deve ser totalmente aberta para todos. Desta forma, estamos comprometidos a oferecer um ambiente amig\u00e1vel, seguro e acolhedor para todos, n\u00e3o importando o sexo, orienta\u00e7\u00e3o sexual, defici\u00eancias f\u00edsicas, etnicidade, religi\u00e3o, sistema operacional preferido, linguagem de programa\u00e7\u00e3o ou editor de\u2026","rel":"","context":"Post similar","block_context":{"text":"Post similar","link":""},"img":{"alt_text":"","src":"https:\/\/i0.wp.com\/portoalegre.wordcamp.org\/2019\/files\/2019\/04\/WordCampPortoAlegre2019_icon.png?fit=480%2C480&resize=350%2C200#038;ssl=1","width":350,"height":200},"classes":[]}],"_links":{"self":[{"href":"https:\/\/portoalegre.wordcamp.org\/2019\/wp-json\/wp\/v2\/pages\/9","targetHints":{"allow":["GET"]}}],"collection":[{"href":"https:\/\/portoalegre.wordcamp.org\/2019\/wp-json\/wp\/v2\/pages"}],"about":[{"href":"https:\/\/portoalegre.wordcamp.org\/2019\/wp-json\/wp\/v2\/types\/page"}],"author":[{"embeddable":true,"href":"https:\/\/portoalegre.wordcamp.org\/2019\/wp-json\/wp\/v2\/users\/254350"}],"replies":[{"embeddable":true,"href":"https:\/\/portoalegre.wordcamp.org\/2019\/wp-json\/wp\/v2\/comments?post=9"}],"version-history":[{"count":6,"href":"https:\/\/portoalegre.wordcamp.org\/2019\/wp-json\/wp\/v2\/pages\/9\/revisions"}],"predecessor-version":[{"id":637,"href":"https:\/\/portoalegre.wordcamp.org\/2019\/wp-json\/wp\/v2\/pages\/9\/revisions\/637"}],"wp:attachment":[{"href":"https:\/\/portoalegre.wordcamp.org\/2019\/wp-json\/wp\/v2\/media?parent=9"}],"curies":[{"name":"wp","href":"https:\/\/api.w.org\/{rel}","templated":true}]}}