{"id":19,"date":"2019-03-08T00:43:08","date_gmt":"2019-03-08T00:43:08","guid":{"rendered":"https:\/\/2019.portoalegre.wordcamp.org\/code-of-conduct\/"},"modified":"2019-04-03T16:39:13","modified_gmt":"2019-04-03T19:39:13","slug":"codigo-de-conduta","status":"publish","type":"page","link":"https:\/\/portoalegre.wordcamp.org\/2019\/codigo-de-conduta\/","title":{"rendered":"C\u00f3digo de Conduta"},"content":{"rendered":"\n<h2 class=\"wp-block-heading\">1 &#8211; Objetivos<\/h2>\n\n\n\n<p>O WordCamp Porto Alegre acredita que nossa comunidade deve ser totalmente aberta para todos.<\/p>\n\n\n\n<p>Desta forma, estamos comprometidos a oferecer um ambiente amig\u00e1vel, seguro e acolhedor para todos, n\u00e3o importando o sexo, orienta\u00e7\u00e3o sexual, defici\u00eancias f\u00edsicas, etnicidade, religi\u00e3o, sistema operacional preferido, linguagem de programa\u00e7\u00e3o ou editor de texto.<\/p>\n\n\n\n<p>Este c\u00f3digo de conduta descreve as nossas expectativas para o comportamento do participante, bem como as consequ\u00eancias para o comportamento inaceit\u00e1vel.<\/p>\n\n\n\n<p>Convidamos a todos os patrocinadores, volunt\u00e1rios, palestrantes, inscritos e outros participantes para nos ajudar a manter uma experi\u00eancia segura e positiva para todos no evento.<\/p>\n\n\n\n<h2 class=\"wp-block-heading\">2 &#8211; Sendo um bom cidad\u00e3o WordPress<\/h2>\n\n\n\n<p>O objetivo complementar desse c\u00f3digo de conduta \u00e9 aumentar a cidadania de c\u00f3digo aberto, incentivando os participantes a reconhecer e fortalecer as rela\u00e7\u00f5es entre o que fazemos e a comunidade em geral.<\/p>\n\n\n\n<p>Dentro deste prop\u00f3sito, os organizadores do WordCamp Porto Alegre ir\u00e3o aceitar nomea\u00e7\u00f5es de cidad\u00e3os exemplares durante todo o evento e ir\u00e3o destacar estes participantes ap\u00f3s a confer\u00eancia, no website do WordCamp Porto Alegre.<\/p>\n\n\n\n<p>Se tu souberes de algu\u00e9m que est\u00e1 fazendo um esfor\u00e7o extra para garantir que nossa comunidade seja acolhedora e simp\u00e1tica, incentivando os participantes a contribuir ao m\u00e1ximo, n\u00f3s queremos saber. Tu poder\u00e1s sugerir o nome de algu\u00e9m na mesa de inscri\u00e7\u00e3o ou entrando em contato em nosso website.<\/p>\n\n\n\n<h2 class=\"wp-block-heading\">3 &#8211; Comportamento esperado<\/h2>\n\n\n\n<ul class=\"wp-block-list\"><li>Seja atencioso, respeitoso e colaborativo.<\/li><li>Te abst\u00e9m de humilhar, discriminar ou assediar, seja por um comportamento ou atrav\u00e9s de discurso ou fala ofensiva.<\/li><li>Te mant\u00e9m ciente de teu entorno e de teus colegas participantes. Alerta os organizadores do evento se notares uma situa\u00e7\u00e3o perigosa ou algu\u00e9m em perigo.<\/li><li>Participa de uma forma aut\u00eantica e ativa. Ao fazeres isso, tu ajudas a manter o WordCamp Porto Alegre, fazendo parte de sua hist\u00f3ria.<\/li><\/ul>\n\n\n\n<h2 class=\"wp-block-heading\">4 &#8211; Comportamento inaceit\u00e1vel<\/h2>\n\n\n\n<p>Comportamentos inaceit\u00e1veis incluem: intimidar, ofender, abusar, discriminar, depreciar ou humilhar quaisquer participantes do WordCamp Porto Alegre e eventos relacionados.<\/p>\n\n\n\n<p>Todas as depend\u00eancias do WordCamp Porto Alegre podem ser compartilhadas com frequentadores da institui\u00e7\u00e3o que nos recebe. Por favor, s\u00ea respeitoso tamb\u00e9m com essas pessoas.<\/p>\n\n\n\n<p>Por ass\u00e9dio, entende-se: coment\u00e1rios ofensivos verbais relacionadas ao sexo, orienta\u00e7\u00e3o sexual, ra\u00e7a, religi\u00e3o, defici\u00eancias f\u00edsicas; uso inadequado de nudez e\/ou imagens sexuais em espa\u00e7os p\u00fablicos (incluindo apresenta\u00e7\u00e3o de slides); intimida\u00e7\u00e3o, acompanhamento ou persegui\u00e7\u00e3o deliberada; ass\u00e9dio fotogr\u00e1fico ou grava\u00e7\u00e3o; cont\u00ednua interrup\u00e7\u00e3o de palestras ou oficinas; contato f\u00edsico inapropriado e aten\u00e7\u00e3o sexual indesejada.<\/p>\n\n\n\n<h2 class=\"wp-block-heading\">5 &#8211; Consequ\u00eancias de um comportamento inaceit\u00e1vel<\/h2>\n\n\n\n<p>O comportamento inaceit\u00e1vel n\u00e3o ser\u00e1 tolerado, quer seja por inscritos, organizadores, pessoas locais, patrocinadores ou outros presentes ao WordCamp Porto Alegre.<\/p>\n\n\n\n<p>Quem for pedido para parar com algum comportamento inaceit\u00e1vel dever\u00e1 cumpri-lo imediatamente.<\/p>\n\n\n\n<p>Se algum participante mostrar comportamento inaceit\u00e1vel, os organizadores do evento podem tomar qualquer a\u00e7\u00e3o que considerem ser adequada, inclusive a expuls\u00e3o do evento, sem aviso pr\u00e9vio ou reembolso.<\/p>\n\n\n\n<h2 class=\"wp-block-heading\">6 &#8211; O que fazer se testemunhares ou fores sujeito a um comportamento inaceit\u00e1vel<\/h2>\n\n\n\n<p>Se fores sujeito a um comportamento inaceit\u00e1vel ou perceberes que algu\u00e9m est\u00e1 sendo sujeito a um comportamento inaceit\u00e1vel ou mesmo tem alguma outra preocupa\u00e7\u00e3o ou apreens\u00e3o, por favor notifica um organizador do evento o mais rapidamente poss\u00edvel.<\/p>\n\n\n\n<p>A equipe do WordCamp Porto Alegre estar\u00e1 dispon\u00edvel para ajudar os participantes a contatar a seguran\u00e7a local ou mesmo a pol\u00edcia, para escoltar ou para ajudar de outra forma aqueles que estiverem sofrendo um comportamento inaceit\u00e1vel, para que desta forma sintam-se seguros durante a evento.<\/p>\n\n\n\n<p>Volunt\u00e1rios estar\u00e3o presentes durante o evento e qualquer volunt\u00e1rio poder\u00e1 coloc\u00e1-lo em contato com um membro da organiza\u00e7\u00e3o.<\/p>\n\n\n\n<h2 class=\"wp-block-heading\">7 &#8211; Escopo<\/h2>\n\n\n\n<p>Esperamos que todos os participantes da confer\u00eancia (patrocinadores, volunt\u00e1rios, palestrantes, participantes e outros convidados) respeitem este c\u00f3digo de conduta em todas as salas do evento e eventos sociais relacionados.<\/p>\n\n\n\n<h2 class=\"wp-block-heading\">8 &#8211; Informa\u00e7\u00f5es para contato<\/h2>\n\n\n\n<p>Fale conosco pela nossa <a href=\"https:\/\/2019.portoalegre.wordcamp.org\">p\u00e1gina de contato<\/a>.<\/p>\n\n\n\n<h2 class=\"wp-block-heading\">9 &#8211; Licen\u00e7a e atribui\u00e7\u00e3o<\/h2>\n\n\n\n<p>Este C\u00f3digo de Conduta \u00e9 inspirado no trabalho incr\u00edvel da Open Source Bridge, revisado para incluir as informa\u00e7\u00f5es de nosso evento.<\/p>\n\n\n\n<p>O original est\u00e1 <a href=\"http:\/\/opensourcebridge.org\/about\/code-of-conduct\/\" target=\"_blank\" rel=\"noreferrer noopener\" aria-label=\"dispon\u00edvel aqui (abre numa nova aba)\">dispon\u00edvel aqui<\/a> e \u00e9 distribu\u00eddo sob uma licen\u00e7a \u201cCreative Commons Attribution-ShareAlike license\u201d.<\/p>\n","protected":false},"excerpt":{"rendered":"<p>1 &#8211; Objetivos O WordCamp Porto Alegre acredita que nossa comunidade deve ser totalmente aberta para todos. Desta forma, estamos comprometidos a oferecer um ambiente amig\u00e1vel, seguro e acolhedor para todos, n\u00e3o importando o sexo, orienta\u00e7\u00e3o sexual, defici\u00eancias f\u00edsicas, etnicidade, religi\u00e3o, sistema operacional preferido, linguagem de programa\u00e7\u00e3o ou editor de texto. Este c\u00f3digo de conduta &hellip; <\/p>\n<p class=\"link-more\"><a href=\"https:\/\/portoalegre.wordcamp.org\/2019\/codigo-de-conduta\/\" class=\"more-link\">Continue lendo<span class=\"screen-reader-text\"> &#8220;C\u00f3digo de Conduta&#8221;<\/span><\/a><\/p>\n","protected":false},"author":254350,"featured_media":0,"parent":0,"menu_order":0,"comment_status":"closed","ping_status":"closed","template":"","meta":{"jetpack_post_was_ever_published":false,"footnotes":""},"class_list":["post-19","page","type-page","status-publish","hentry"],"jetpack_sharing_enabled":true,"jetpack_shortlink":"https:\/\/wp.me\/PaMMH4-j","jetpack_likes_enabled":true,"jetpack-related-posts":[{"id":305,"url":"https:\/\/portoalegre.wordcamp.org\/2019\/seja-um-voluntario-no-wordcamp-poa-2019\/","url_meta":{"origin":19,"position":0},"title":"Seja um volunt\u00e1rio no WordCamp POA 2019!","author":"Rodrigo Donini","date":"abril 3, 2019","format":false,"excerpt":"Volunt\u00e1rios s\u00e3o muito importantes para a realiza\u00e7\u00e3o dos WordCamps, pois ajudam a tornar\u00a0o evento\u00a0mais organizado e confort\u00e1vel para seus participantes e palestrantes. Quais s\u00e3o as atribui\u00e7\u00f5es de um volunt\u00e1rio? As tarefas dos volunt\u00e1rios ser\u00e3o de auxiliar na organiza\u00e7\u00e3o do evento, antes e durante a sua realiza\u00e7\u00e3o.\u00a0Ao te\u00a0candidatar a ser um\u2026","rel":"","context":"Post similar","block_context":{"text":"Post similar","link":""},"img":{"alt_text":"","src":"https:\/\/i0.wp.com\/portoalegre.wordcamp.org\/2019\/files\/2019\/04\/WordCampPortoAlegre2019_icon.png?fit=480%2C480&resize=350%2C200#038;ssl=1","width":350,"height":200},"classes":[]},{"id":168,"url":"https:\/\/portoalegre.wordcamp.org\/2019\/edicoes-anteriores\/","url_meta":{"origin":19,"position":1},"title":"Edi\u00e7\u00f5es anteriores","author":"Gustavo Tagliassuchi","date":"mar\u00e7o 28, 2019","format":false,"excerpt":"A cidade de Porto Alegre sedia o WordCamp desde 2013 O WordCamp Porto Alegre \u00e9 organizado por volunt\u00e1rios, dividido em palestras e oficinas. Toda a arrecada\u00e7\u00e3o do evento \u00e9 investido nele mesmo na forma de brindes, estrutura e alimenta\u00e7\u00e3o. Edi\u00e7\u00e3o 2018 Data: 05\/05\/2018N\u00famero de Palestras:\u00a012Total de Participantes: 148P\u00e1gina:\u00a02018.portoalegre.wordcamp.org Edi\u00e7\u00e3o 2017\u2026","rel":"","context":"Post similar","block_context":{"text":"Post similar","link":""},"img":{"alt_text":"","src":"https:\/\/i0.wp.com\/portoalegre.wordcamp.org\/2019\/files\/2019\/04\/WordCampPortoAlegre2019_icon.png?fit=480%2C480&resize=350%2C200#038;ssl=1","width":350,"height":200},"classes":[]},{"id":394,"url":"https:\/\/portoalegre.wordcamp.org\/2019\/bienvenido-a-wordcamp-porto-alegre-2019\/","url_meta":{"origin":19,"position":2},"title":"Bienvenido a WordCamp Porto Alegre 2019!","author":"Marco Andrei Kichalowsky","date":"abril 7, 2019","format":false,"excerpt":"La conferencia oficial de WordPress, el sistema de administraci\u00f3n de contenido m\u00e1s popular en el mundo, anuncia su realizaci\u00f3n en la Capital Brasile\u00f1a de los Gauchos en el primer semestre El evento oficial de WordPress, donde se re\u00fane la comunidad de desarrolladores, dise\u00f1adores y usuarios de la plataforma para hablar\u2026","rel":"","context":"Post similar","block_context":{"text":"Post similar","link":""},"img":{"alt_text":"","src":"https:\/\/i0.wp.com\/portoalegre.wordcamp.org\/2019\/files\/2019\/04\/WordCampPortoAlegre2019_icon.png?fit=480%2C480&resize=350%2C200#038;ssl=1","width":350,"height":200},"classes":[]},{"id":14,"url":"https:\/\/portoalegre.wordcamp.org\/2019\/participantes\/","url_meta":{"origin":19,"position":3},"title":"Participantes","author":"Gustavo Tagliassuchi","date":"mar\u00e7o 8, 2019","format":false,"excerpt":"Aguarde publica\u00e7\u00e3o do conte\u00fado.","rel":"","context":"Post similar","block_context":{"text":"Post similar","link":""},"img":{"alt_text":"","src":"https:\/\/i0.wp.com\/portoalegre.wordcamp.org\/2019\/files\/2019\/04\/WordCampPortoAlegre2019_icon.png?fit=480%2C480&resize=350%2C200#038;ssl=1","width":350,"height":200},"classes":[]},{"id":166,"url":"https:\/\/portoalegre.wordcamp.org\/2019\/depoimentos\/","url_meta":{"origin":19,"position":4},"title":"Depoimentos","author":"Gustavo Tagliassuchi","date":"mar\u00e7o 28, 2019","format":false,"excerpt":"Confira os depoimentos de alguns participantes da edi\u00e7\u00e3o de 2018 https:\/\/youtu.be\/-a46kb_Q_uw https:\/\/youtu.be\/bP2vD5630kM https:\/\/youtu.be\/Ev7_SeEyp1Q https:\/\/youtu.be\/39lBHaHB7d4 https:\/\/youtu.be\/zO3pjxcoQXc https:\/\/youtu.be\/NJUHRgaChvQ https:\/\/youtu.be\/AlBLV0iW3OE https:\/\/youtu.be\/5KNOyxPgIJU https:\/\/youtu.be\/A9btCAzsUtA https:\/\/youtu.be\/QgWpnsK72Ls https:\/\/youtu.be\/JOe7WcvZTAo https:\/\/youtu.be\/JvGQCP9RlJI https:\/\/youtu.be\/nIcD-GL22M8 https:\/\/youtu.be\/NkqMA675NG0 https:\/\/youtu.be\/Iue6nOiONj0 https:\/\/youtu.be\/TVQn4D7sGpA https:\/\/youtu.be\/Mutk9alqizo https:\/\/youtu.be\/KBFdwI7VwTE https:\/\/youtu.be\/zN95DyThcys https:\/\/youtu.be\/DsgqJCPqAhY https:\/\/youtu.be\/qwSNacLxuUs https:\/\/youtu.be\/uQ1uB7RoHko Confira todos os depoimentos no canal do WordCamp Porto Alegre no YouTube!","rel":"","context":"Post similar","block_context":{"text":"Post similar","link":""},"img":{"alt_text":"","src":"https:\/\/i0.wp.com\/portoalegre.wordcamp.org\/2019\/files\/2019\/04\/WordCampPortoAlegre2019_icon.png?fit=480%2C480&resize=350%2C200#038;ssl=1","width":350,"height":200},"classes":[]},{"id":249,"url":"https:\/\/portoalegre.wordcamp.org\/2019\/voluntarios\/","url_meta":{"origin":19,"position":5},"title":"Volunt\u00e1rios","author":"Gustavo Tagliassuchi","date":"abril 2, 2019","format":false,"excerpt":"Volunt\u00e1rios s\u00e3o muito importantes para a realiza\u00e7\u00e3o dos WordCamps, pois ajudam a tornar\u00a0o evento\u00a0mais organizado e confort\u00e1vel para seus participantes e palestrantes. Estes s\u00e3o os\u00a0viventes que v\u00e3o dedicar seu tempo para fazer\u00a0essa linda e sensacional tert\u00falia de WordPress na Capital dos Ga\u00fachos. Se precisares de alguma coisa no dia do\u2026","rel":"","context":"Post similar","block_context":{"text":"Post similar","link":""},"img":{"alt_text":"","src":"https:\/\/i0.wp.com\/portoalegre.wordcamp.org\/2019\/files\/2019\/04\/WordCampPortoAlegre2019_icon.png?fit=480%2C480&resize=350%2C200#038;ssl=1","width":350,"height":200},"classes":[]}],"_links":{"self":[{"href":"https:\/\/portoalegre.wordcamp.org\/2019\/wp-json\/wp\/v2\/pages\/19","targetHints":{"allow":["GET"]}}],"collection":[{"href":"https:\/\/portoalegre.wordcamp.org\/2019\/wp-json\/wp\/v2\/pages"}],"about":[{"href":"https:\/\/portoalegre.wordcamp.org\/2019\/wp-json\/wp\/v2\/types\/page"}],"author":[{"embeddable":true,"href":"https:\/\/portoalegre.wordcamp.org\/2019\/wp-json\/wp\/v2\/users\/254350"}],"replies":[{"embeddable":true,"href":"https:\/\/portoalegre.wordcamp.org\/2019\/wp-json\/wp\/v2\/comments?post=19"}],"version-history":[{"count":3,"href":"https:\/\/portoalegre.wordcamp.org\/2019\/wp-json\/wp\/v2\/pages\/19\/revisions"}],"predecessor-version":[{"id":295,"href":"https:\/\/portoalegre.wordcamp.org\/2019\/wp-json\/wp\/v2\/pages\/19\/revisions\/295"}],"wp:attachment":[{"href":"https:\/\/portoalegre.wordcamp.org\/2019\/wp-json\/wp\/v2\/media?parent=19"}],"curies":[{"name":"wp","href":"https:\/\/api.w.org\/{rel}","templated":true}]}}