{"id":176,"date":"2019-03-28T12:17:04","date_gmt":"2019-03-28T15:17:04","guid":{"rendered":"https:\/\/2019.portoalegre.wordcamp.org\/?page_id=176"},"modified":"2019-06-14T09:10:30","modified_gmt":"2019-06-14T12:10:30","slug":"organizadores","status":"publish","type":"page","link":"https:\/\/portoalegre.wordcamp.org\/2019\/organizadores\/","title":{"rendered":"Organizadores"},"content":{"rendered":"\n<p>Estes s\u00e3o os viventes que est\u00e3o dedicando seu tempo para fazer essa linda e sensacional tert\u00falia de WordPress na Capital dos Ga\u00fachos.<\/p>\n\n\n\n<p>Se precisares de alguma coisa antes ou no dia do evento, n\u00e3o te mixa, \u00e9 s\u00f3 chamar!<\/p>\n\n\n\n<h2 class=\"wp-block-heading\">Conhe\u00e7a os organizadores<\/h2>\n\n\n\t<div class=\"wcorg-organizers\">\n\n\t\t\n\t\t\t<div class=\"wcorg-organizer\">\n\t\t\t\t<h2>Alberto Lutz<\/h2>\n\t\t\t\t<div class=\"wcorg-organizer-description\">\n\t\t\t\t\t\t\t\t\t\t<img alt='' src='https:\/\/secure.gravatar.com\/avatar\/?s=100&#038;d=mm&#038;r=g' srcset='https:\/\/secure.gravatar.com\/avatar\/?s=200&#038;d=mm&#038;r=g 2x' class='avatar avatar-100 photo avatar-default' height='100' width='100' \/>\t\t\t\t\t\t\t\t\t<\/div>\n\t\t\t<\/div>\n\n\t\t\n\t\t\t<div class=\"wcorg-organizer\">\n\t\t\t\t<h2>Giovani Blotta<\/h2>\n\t\t\t\t<div class=\"wcorg-organizer-description\">\n\t\t\t\t\t\t\t\t\t\t<img alt='' src='https:\/\/secure.gravatar.com\/avatar\/ff6b731fa942b46d05692518650e1341c6fe302c5dca534e4a00e48208c9ea39?s=100&#038;d=mm&#038;r=g' srcset='https:\/\/secure.gravatar.com\/avatar\/ff6b731fa942b46d05692518650e1341c6fe302c5dca534e4a00e48208c9ea39?s=200&#038;d=mm&#038;r=g 2x' class='avatar avatar-100 photo' height='100' width='100' \/>\t\t\t\t\t\n<p><\/p>\n\n\n\n<p>Formado em Inform\u00e1tica pela <a href=\"https:\/\/www.pucrs.br\">PUCRS<\/a> (Pontif\u00edcia Universidade Cat\u00f3lica do Rio Grande do Sul) no long\u00ednquo ano de 1999, comecei a trabalhar com WordPress em 2016. Sou membro do <a href=\"https:\/\/www.meetup.com\/pt-BR\/wp-poa\/\">Porto Alegre WordPress Meetup <\/a>, e participei como volunt\u00e1rio do <a href=\"https:\/\/2017.portoalegre.wordcamp.org\/\">Wordcamp Porto Alegre 2017<\/a> e organizador do <a href=\"https:\/\/2018.portoalegre.wordcamp.org\/\">Wordcamp Porto Alegre 2018<\/a> e <a href=\"https:\/\/2019.portoalegre.wordcamp.org\/\">Wordcamp Porto Alegre 2019.<\/a><\/p>\n\t\t\t\t<\/div>\n\t\t\t<\/div>\n\n\t\t\n\t\t\t<div class=\"wcorg-organizer\">\n\t\t\t\t<h2>Priscilla Mella<\/h2>\n\t\t\t\t<div class=\"wcorg-organizer-description\">\n\t\t\t\t\t\t\t\t\t\t<img alt='' src='https:\/\/secure.gravatar.com\/avatar\/18f43deab972ff30feccde25d7997c6f57344b1c43fd671fa8b2800fe745246a?s=100&#038;d=mm&#038;r=g' srcset='https:\/\/secure.gravatar.com\/avatar\/18f43deab972ff30feccde25d7997c6f57344b1c43fd671fa8b2800fe745246a?s=200&#038;d=mm&#038;r=g 2x' class='avatar avatar-100 photo' height='100' width='100' \/>\t\t\t\t\t\n<p>Jornalista especializada em Inbound Marketing e Content Marketing. Trabalha com Marketing Digital h\u00e1 mais de quatro anos, todos eles usando WordPress diariamente, e integrante do marketing da <a aria-label=\"KingHost (abre numa nova aba)\" href=\"https:\/\/king.host\/\" target=\"_blank\" rel=\"noreferrer noopener nofollow\">KingHost<\/a> h\u00e1 quase dois. \u00c9 viciada em ch\u00e1 e chimarr\u00e3o, apaixonada por literatura romancista, tecnologia, servi\u00e7os de Streaming e Star Wars. <\/p>\n\t\t\t\t<\/div>\n\t\t\t<\/div>\n\n\t\t\n\t\t\t<div class=\"wcorg-organizer\">\n\t\t\t\t<h2>Marco Andrei Kichalowsky<\/h2>\n\t\t\t\t<div class=\"wcorg-organizer-description\">\n\t\t\t\t\t\t\t\t\t\t<img alt='' src='https:\/\/secure.gravatar.com\/avatar\/c4ed7a236dd69c358ee063d1cf3181712b11061d31df65d7deb7d2b2bbc80293?s=100&#038;d=mm&#038;r=g' srcset='https:\/\/secure.gravatar.com\/avatar\/c4ed7a236dd69c358ee063d1cf3181712b11061d31df65d7deb7d2b2bbc80293?s=200&#038;d=mm&#038;r=g 2x' class='avatar avatar-100 photo' height='100' width='100' \/>\t\t\t\t\t\n<p>Webmaster e diretor da marketing da <a href=\"https:\/\/arsnova.digital\" rel=\"nofollow\">Arsnova<\/a>. Trabalha com WordPress desde a cria\u00e7\u00e3o da plataforma e colabora com a comunidade sendo um <a href=\"https:\/\/make.wordpress.org\/polyglots\/\">poliglota do WordPress<\/a>. Foi coordenador do <a href=\"https:\/\/2017.portoalegre.wordcamp.org\/\">WordPress Porto Alegre 2017<\/a> e \u00e9 membro ativo da <a href=\"https:\/\/www.meetup.com\/pt-BR\/wp-poa\/\">Comunidade Ga\u00facha de WordPress<\/a>, organizando encontros e ministrando palestras onde compartilha suas experi\u00eancias. <\/p>\n\t\t\t\t<\/div>\n\t\t\t<\/div>\n\n\t\t\n\t\t\t<div class=\"wcorg-organizer\">\n\t\t\t\t<h2>L\u00edgia &#8216;Lilly&#8217; Freitas<\/h2>\n\t\t\t\t<div class=\"wcorg-organizer-description\">\n\t\t\t\t\t\t\t\t\t\t<img alt='' src='https:\/\/secure.gravatar.com\/avatar\/4abd07f8da5b344894b475c3e2dd6f539dd8a0e5786f18cd955b5a62c768a37d?s=100&#038;d=mm&#038;r=g' srcset='https:\/\/secure.gravatar.com\/avatar\/4abd07f8da5b344894b475c3e2dd6f539dd8a0e5786f18cd955b5a62c768a37d?s=200&#038;d=mm&#038;r=g 2x' class='avatar avatar-100 photo' height='100' width='100' \/>\t\t\t\t\t\r\n<p>Bibliotec\u00e1ria e nerd.<\/p>\r\n\t\t\t\t<\/div>\n\t\t\t<\/div>\n\n\t\t\n\t\t\t<div class=\"wcorg-organizer\">\n\t\t\t\t<h2>Rodrigo Donini<\/h2>\n\t\t\t\t<div class=\"wcorg-organizer-description\">\n\t\t\t\t\t\t\t\t\t\t<img alt='' src='https:\/\/secure.gravatar.com\/avatar\/c8cf504e5ae3826eb87591aa4f6658e912bc658a0d8aa487ad90b4ce26ff7f24?s=100&#038;d=mm&#038;r=g' srcset='https:\/\/secure.gravatar.com\/avatar\/c8cf504e5ae3826eb87591aa4f6658e912bc658a0d8aa487ad90b4ce26ff7f24?s=200&#038;d=mm&#038;r=g 2x' class='avatar avatar-100 photo' height='100' width='100' \/>\t\t\t\t\t\r\n<p>Pai, marido, desenvolvedor e palestrante. Trabalho remoto e WordPress s\u00e3o suas paix\u00f5es, juntamente com a forte motiva\u00e7\u00e3o de movimentar a comunidade de desenvolvimento de software local. Atualmente \u00e9 WordPress Engineer na Toptal LLC onde lida com projetos internacionais de alta escala e disponibilidade.<\/p>\r\n\t\t\t\t<\/div>\n\t\t\t<\/div>\n\n\t\t\n\t\t\t<div class=\"wcorg-organizer\">\n\t\t\t\t<h2>Gustavo Tagliassuchi<\/h2>\n\t\t\t\t<div class=\"wcorg-organizer-description\">\n\t\t\t\t\t\t\t\t\t\t<img alt='' src='https:\/\/secure.gravatar.com\/avatar\/499fad49ce1b17bfd6e1d9015d3404174bf099e826411aa2a228e1ab6f6950b9?s=100&#038;d=mm&#038;r=g' srcset='https:\/\/secure.gravatar.com\/avatar\/499fad49ce1b17bfd6e1d9015d3404174bf099e826411aa2a228e1ab6f6950b9?s=200&#038;d=mm&#038;r=g 2x' class='avatar avatar-100 photo' height='100' width='100' \/>\t\t\t\t\t\n<p>Estudioso da web e seus desdobramentos, nerd, micreiro, pai dedicado de tr\u00eas filhos (um \u00e9 peludo), marido espor\u00e1dico, empreendedor, especialista em desenvolvimento de software para web, pesquisador, escritor, professor, marketeiro digital, blogueiro, apreciador de cervejas artesanais, admirador do WordPress, ouvinte das m\u00fasicas dos anos 80, sobrevivente do colesterol alto e corredor muito muito amador. <\/p>\n\t\t\t\t<\/div>\n\t\t\t<\/div>\n\n\t\t\n\t<\/div><!-- .wcorg-organizers -->\n\t\n","protected":false},"excerpt":{"rendered":"<p>Estes s\u00e3o os viventes que est\u00e3o dedicando seu tempo para fazer essa linda e sensacional tert\u00falia de WordPress na Capital dos Ga\u00fachos. Se precisares de alguma coisa antes ou no dia do evento, n\u00e3o te mixa, \u00e9 s\u00f3 chamar! Conhe\u00e7a os organizadores<\/p>\n","protected":false},"author":254350,"featured_media":0,"parent":0,"menu_order":0,"comment_status":"closed","ping_status":"closed","template":"","meta":{"jetpack_post_was_ever_published":false,"footnotes":""},"class_list":["post-176","page","type-page","status-publish","hentry"],"jetpack_sharing_enabled":true,"jetpack_shortlink":"https:\/\/wp.me\/PaMMH4-2Q","jetpack_likes_enabled":true,"jetpack-related-posts":[{"id":305,"url":"https:\/\/portoalegre.wordcamp.org\/2019\/seja-um-voluntario-no-wordcamp-poa-2019\/","url_meta":{"origin":176,"position":0},"title":"Seja um volunt\u00e1rio no WordCamp POA 2019!","author":"Rodrigo Donini","date":"abril 3, 2019","format":false,"excerpt":"Volunt\u00e1rios s\u00e3o muito importantes para a realiza\u00e7\u00e3o dos WordCamps, pois ajudam a tornar\u00a0o evento\u00a0mais organizado e confort\u00e1vel para seus participantes e palestrantes. Quais s\u00e3o as atribui\u00e7\u00f5es de um volunt\u00e1rio? As tarefas dos volunt\u00e1rios ser\u00e3o de auxiliar na organiza\u00e7\u00e3o do evento, antes e durante a sua realiza\u00e7\u00e3o.\u00a0Ao te\u00a0candidatar a ser um\u2026","rel":"","context":"Post similar","block_context":{"text":"Post similar","link":""},"img":{"alt_text":"","src":"https:\/\/i0.wp.com\/portoalegre.wordcamp.org\/2019\/files\/2019\/04\/WordCampPortoAlegre2019_icon.png?fit=480%2C480&resize=350%2C200#038;ssl=1","width":350,"height":200},"classes":[]},{"id":19,"url":"https:\/\/portoalegre.wordcamp.org\/2019\/codigo-de-conduta\/","url_meta":{"origin":176,"position":1},"title":"C\u00f3digo de Conduta","author":"Gustavo Tagliassuchi","date":"mar\u00e7o 8, 2019","format":false,"excerpt":"1 - Objetivos O WordCamp Porto Alegre acredita que nossa comunidade deve ser totalmente aberta para todos. Desta forma, estamos comprometidos a oferecer um ambiente amig\u00e1vel, seguro e acolhedor para todos, n\u00e3o importando o sexo, orienta\u00e7\u00e3o sexual, defici\u00eancias f\u00edsicas, etnicidade, religi\u00e3o, sistema operacional preferido, linguagem de programa\u00e7\u00e3o ou editor de\u2026","rel":"","context":"Post similar","block_context":{"text":"Post similar","link":""},"img":{"alt_text":"","src":"https:\/\/i0.wp.com\/portoalegre.wordcamp.org\/2019\/files\/2019\/04\/WordCampPortoAlegre2019_icon.png?fit=480%2C480&resize=350%2C200#038;ssl=1","width":350,"height":200},"classes":[]},{"id":302,"url":"https:\/\/portoalegre.wordcamp.org\/2019\/submissao-de-palestras\/","url_meta":{"origin":176,"position":2},"title":"Submiss\u00e3o de palestras","author":"Gustavo Tagliassuchi","date":"abril 3, 2019","format":false,"excerpt":"Agradecemos teu interesse em colaborar com a comunidade. Por favor, preenche o formul\u00e1rio abaixo para podermos saber um pouco mais da tua palestra e de tua experi\u00eancia com o WordPress. Tua candidatura ser\u00e1 analisada pela comiss\u00e3o organizadora e em breve entraremos em contato para te dizer se foste escolhido. Muito\u2026","rel":"","context":"Post similar","block_context":{"text":"Post similar","link":""},"img":{"alt_text":"","src":"https:\/\/i0.wp.com\/portoalegre.wordcamp.org\/2019\/files\/2019\/04\/WordCampPortoAlegre2019_icon.png?fit=480%2C480&resize=350%2C200#038;ssl=1","width":350,"height":200},"classes":[]},{"id":249,"url":"https:\/\/portoalegre.wordcamp.org\/2019\/voluntarios\/","url_meta":{"origin":176,"position":3},"title":"Volunt\u00e1rios","author":"Gustavo Tagliassuchi","date":"abril 2, 2019","format":false,"excerpt":"Volunt\u00e1rios s\u00e3o muito importantes para a realiza\u00e7\u00e3o dos WordCamps, pois ajudam a tornar\u00a0o evento\u00a0mais organizado e confort\u00e1vel para seus participantes e palestrantes. Estes s\u00e3o os\u00a0viventes que v\u00e3o dedicar seu tempo para fazer\u00a0essa linda e sensacional tert\u00falia de WordPress na Capital dos Ga\u00fachos. Se precisares de alguma coisa no dia do\u2026","rel":"","context":"Post similar","block_context":{"text":"Post similar","link":""},"img":{"alt_text":"","src":"https:\/\/i0.wp.com\/portoalegre.wordcamp.org\/2019\/files\/2019\/04\/WordCampPortoAlegre2019_icon.png?fit=480%2C480&resize=350%2C200#038;ssl=1","width":350,"height":200},"classes":[]},{"id":394,"url":"https:\/\/portoalegre.wordcamp.org\/2019\/bienvenido-a-wordcamp-porto-alegre-2019\/","url_meta":{"origin":176,"position":4},"title":"Bienvenido a WordCamp Porto Alegre 2019!","author":"Marco Andrei Kichalowsky","date":"abril 7, 2019","format":false,"excerpt":"La conferencia oficial de WordPress, el sistema de administraci\u00f3n de contenido m\u00e1s popular en el mundo, anuncia su realizaci\u00f3n en la Capital Brasile\u00f1a de los Gauchos en el primer semestre El evento oficial de WordPress, donde se re\u00fane la comunidad de desarrolladores, dise\u00f1adores y usuarios de la plataforma para hablar\u2026","rel":"","context":"Post similar","block_context":{"text":"Post similar","link":""},"img":{"alt_text":"","src":"https:\/\/i0.wp.com\/portoalegre.wordcamp.org\/2019\/files\/2019\/04\/WordCampPortoAlegre2019_icon.png?fit=480%2C480&resize=350%2C200#038;ssl=1","width":350,"height":200},"classes":[]},{"id":168,"url":"https:\/\/portoalegre.wordcamp.org\/2019\/edicoes-anteriores\/","url_meta":{"origin":176,"position":5},"title":"Edi\u00e7\u00f5es anteriores","author":"Gustavo Tagliassuchi","date":"mar\u00e7o 28, 2019","format":false,"excerpt":"A cidade de Porto Alegre sedia o WordCamp desde 2013 O WordCamp Porto Alegre \u00e9 organizado por volunt\u00e1rios, dividido em palestras e oficinas. Toda a arrecada\u00e7\u00e3o do evento \u00e9 investido nele mesmo na forma de brindes, estrutura e alimenta\u00e7\u00e3o. Edi\u00e7\u00e3o 2018 Data: 05\/05\/2018N\u00famero de Palestras:\u00a012Total de Participantes: 148P\u00e1gina:\u00a02018.portoalegre.wordcamp.org Edi\u00e7\u00e3o 2017\u2026","rel":"","context":"Post similar","block_context":{"text":"Post similar","link":""},"img":{"alt_text":"","src":"https:\/\/i0.wp.com\/portoalegre.wordcamp.org\/2019\/files\/2019\/04\/WordCampPortoAlegre2019_icon.png?fit=480%2C480&resize=350%2C200#038;ssl=1","width":350,"height":200},"classes":[]}],"_links":{"self":[{"href":"https:\/\/portoalegre.wordcamp.org\/2019\/wp-json\/wp\/v2\/pages\/176","targetHints":{"allow":["GET"]}}],"collection":[{"href":"https:\/\/portoalegre.wordcamp.org\/2019\/wp-json\/wp\/v2\/pages"}],"about":[{"href":"https:\/\/portoalegre.wordcamp.org\/2019\/wp-json\/wp\/v2\/types\/page"}],"author":[{"embeddable":true,"href":"https:\/\/portoalegre.wordcamp.org\/2019\/wp-json\/wp\/v2\/users\/254350"}],"replies":[{"embeddable":true,"href":"https:\/\/portoalegre.wordcamp.org\/2019\/wp-json\/wp\/v2\/comments?post=176"}],"version-history":[{"count":3,"href":"https:\/\/portoalegre.wordcamp.org\/2019\/wp-json\/wp\/v2\/pages\/176\/revisions"}],"predecessor-version":[{"id":1008,"href":"https:\/\/portoalegre.wordcamp.org\/2019\/wp-json\/wp\/v2\/pages\/176\/revisions\/1008"}],"wp:attachment":[{"href":"https:\/\/portoalegre.wordcamp.org\/2019\/wp-json\/wp\/v2\/media?parent=176"}],"curies":[{"name":"wp","href":"https:\/\/api.w.org\/{rel}","templated":true}]}}