{"id":170,"date":"2019-03-28T12:15:18","date_gmt":"2019-03-28T15:15:18","guid":{"rendered":"https:\/\/2019.portoalegre.wordcamp.org\/?page_id=170"},"modified":"2019-06-14T09:18:55","modified_gmt":"2019-06-14T12:18:55","slug":"guia-de-sobrevivencia","status":"publish","type":"page","link":"https:\/\/portoalegre.wordcamp.org\/2019\/guia-de-sobrevivencia\/","title":{"rendered":"Guia de sobreviv\u00eancia"},"content":{"rendered":"\n<h2 class=\"wp-block-heading\">Bem-vindo \u00e0 Porto Alegre!<\/h2>\n\n\n\n<p>Porto Alegre \u00e9 um munic\u00edpio brasileiro e a capital do estado mais meridional do Brasil, o Rio Grande do Sul. Com uma \u00e1rea de mais de 490 mil km\u00b2, possui uma geografia diversificada, com morros, baixadas e um grande lago, o Gua\u00edba.<\/p>\n\n\n\n<h2 class=\"wp-block-heading\">Hist\u00f3ria e caracter\u00edsticas<\/h2>\n\n\n\n<p>A cidade constituiu-se a partir da chegada de casais a\u00e7orianos em meados do s\u00e9culo XVIII. No s\u00e9culo XIX contou com o influxo de muitos imigrantes alem\u00e3es e italianos, recebendo tamb\u00e9m espanh\u00f3is, africanos, poloneses e libaneses. Sede da maior concentra\u00e7\u00e3o urbana da regi\u00e3o Sul e quinta mais populosa do Brasil, desenvolveu-se com rapidez e hoje abriga mais de 1,4 milh\u00e3o de habitantes dentro dos limites municipais.<\/p>\n\n\n\n<p>Porto Alegre foi premiada como uma das melhores capitais brasileiras para morar, trabalhar, fazer neg\u00f3cios, estudar e se divertir. Foi destacada em 2010 tamb\u00e9m pela ONU como a Metr\u00f3pole n\u00ba 1 em qualidade de vida do Brasil por tr\u00eas vezes, nossa capital tamb\u00e9m tem&nbsp;o melhor \u00cdndice de Desenvolvimento Humano (IDH) entre as metr\u00f3poles nacionais.<\/p>\n\n\n\n<p>Conhe\u00e7a um pouco mais:&nbsp;<a href=\"https:\/\/pt.wikipedia.org\/wiki\/Porto_Alegre\">https:\/\/pt.wikipedia.org\/wiki\/Porto_Alegre<\/a><\/p>\n\n\n\n<h2 class=\"wp-block-heading\">Onde ficar?<\/h2>\n\n\n\n<h3 class=\"wp-block-heading\">Hot\u00e9is:<\/h3>\n\n\n\n<p>Nos arredores do evento:<\/p>\n\n\n\n<ul class=\"wp-block-list\"><li><a href=\"http:\/\/www.atlanticahotels.com.br\/hotel\/porto-alegre\/comfort-porto-alegre\">Comfort Porto Alegre<\/a><\/li><li><a href=\"http:\/\/www.master-hoteis.com.br\/hotel\/porto-alegre\/master-express-cidade-baixa\">Hotel Master Express Cidade Baixa<\/a><\/li><li><a href=\"http:\/\/www.everest.com.br\/everest-porto-alegre\/\">Everest Porto Alegre Hotel<\/a><\/li><li><a href=\"http:\/\/www.hoteissuarez.com.br\/hotel\/\">Hotel Express Savoy<\/a><\/li><\/ul>\n\n\n\n<h3 class=\"wp-block-heading\">Pela cidade:<\/h3>\n\n\n\n<ul class=\"wp-block-list\"><li><a href=\"http:\/\/www.ibis.com\/Hotel_Ibis\/Porto_Alegre\u200e\">Ibis Porto Alegre<\/a><\/li><li><a href=\"http:\/\/www.lidohotel.com.br\/\">Lido Hotel<\/a><\/li><li><a href=\"http:\/\/www.master-hoteis.com.br\/hotel\/porto-alegre\/master-express-alberto-bins\">Master Express Alberto Bins<\/a><\/li><li><a href=\"http:\/\/www.hotel-lancaster-poa.com.br\/\">Lancaster<\/a><\/li><li><a href=\"https:\/\/goo.gl\/maps\/PspNVH68qAA2\">Lista de hot\u00e9is da cidade<\/a><\/li><\/ul>\n\n\n\n<h3 class=\"wp-block-heading\">Hostel:<\/h3>\n\n\n\n<p>Nos arredores do evento:<\/p>\n\n\n\n<ul class=\"wp-block-list\"><li><a href=\"http:\/\/www.solar63hostel.com.br\/\">Solar 63<\/a><\/li><\/ul>\n\n\n\n<h2 class=\"wp-block-heading\">Transporte<\/h2>\n\n\n\n<ul class=\"wp-block-list\"><li>\u00c9 muito f\u00e1cil se deslocar de \u00f4nibus em Porto Alegre. Todos os \u00f4nibus, exceto linhas T, v\u00e3o para o centro hist\u00f3rico, local do evento. H\u00e1 as linhas &#8220;Circular&#8221; que circundam o centro e passam pr\u00f3ximas \u00e0 Faculdade Senac. Consulta o <a href=\"http:\/\/www.poatransporte.com.br\/\">POA Transporte<\/a>&nbsp;para encontrar os itiner\u00e1rios ou o <a href=\"https:\/\/www.google.com.br\/maps\">Google Maps<\/a>.<\/li><li>Se chegares de avi\u00e3o,&nbsp;<a href=\"http:\/\/www.viajesim.com\/2015\/06\/aeroporto-porto-alegre-aeromovel.html\">usa o aerom\u00f3vel para ir at\u00e9 a esta\u00e7\u00e3o do Trensurb<\/a>, o metr\u00f4 de Porto Alegre, e pega&nbsp;o trem em dire\u00e7\u00e3o ao Mercado, que \u00e9 a esta\u00e7\u00e3o no centro hist\u00f3rico (s\u00e3o 10 minutos da esta\u00e7\u00e3o Aeroporto \u00e0 esta\u00e7\u00e3o Mercado).<\/li><li>De l\u00e1, pode-se pegar a linha 178&nbsp;Praia de Belas no terminal da rua Uruguai&nbsp;e descer na primeira parada da av. Borges de Medeiros, logo passando o monumento dos A\u00e7orianos. Volta pelo viaduto e a rua Cel. Genu\u00edno, onde fica o Senac, estar\u00e1 \u00e0 direita.<\/li><li>Do outro lado da avenida Borges de Medeiros, de fronte ao Capit\u00f3lio, h\u00e1 um ponto-de-t\u00e1xi na pra\u00e7a Daltro Filho. Tamb\u00e9m podes&nbsp;fazer uso de aplicativos como do <a href=\"http:\/\/apps.taxi.br\/sintaxi\/\">Sint\u00e1xi<\/a>, <a href=\"http:\/\/www.99taxis.com\/\">99t\u00e1xis<\/a>, <a href=\"http:\/\/www.easytaxi.com\/br\/\">EasyT\u00e1xi<\/a>&nbsp;ou Uber.<\/li><\/ul>\n\n\n\n<h2 class=\"wp-block-heading\">Alimenta\u00e7\u00e3o<\/h2>\n\n\n\n<p>Comidas t\u00edpicas ser\u00e3o servidas durante o evento, no caf\u00e9 da manh\u00e3, almo\u00e7o e na tarde! Aproveita, est\u00e1 tudo inclu\u00eddo no pre\u00e7o do ingresso.<\/p>\n\n\n\n<h2 class=\"wp-block-heading\">Pontos tur\u00edsticos e passeios<\/h2>\n\n\n\n<p><a href=\"http:\/\/www2.portoalegre.rs.gov.br\/turismo\/default.php?p_secao=269\">Linha Turismo<\/a>: percorre o centro hist\u00f3rico e adjac\u00eancias, dando uma vis\u00e3o geral da cidade.<\/p>\n\n\n\n<p><a href=\"https:\/\/catracalivre.com.br\/brasil\/lugares\/praca-da-alfandega\/\">Pra\u00e7a da Alf\u00e2ndega<\/a>: um dos cart\u00f5es postais de Porto Alegre, \u00e9 cercada de espa\u00e7os culturais como o <a href=\"http:\/\/www.margs.rs.gov.br\/\">Museu de Arte do RS<\/a>&nbsp;e o&nbsp;<a href=\"https:\/\/www.santander.com.br\/br\/institucional\/cultura\/santander-cultural\/programacao-santander-cultural\">Santander Cultural<\/a>. Sedia diversos eventos importantes da cidade, como a famosa Feira do Livro.<\/p>\n\n\n\n<p><a href=\"https:\/\/www.tripadvisor.com.br\/Attraction_Review-g303546-d7362420-Reviews-Praca_Marechal_Deodoro_Praca_da_Matriz-Porto_Alegre_State_of_Rio_Grande_do_Sul.html\">Pra\u00e7a da Matriz<\/a>: re\u00fane os principais pr\u00e9dios administrativos do estado, como o Pal\u00e1cio Piratini, Pal\u00e1cio da Justi\u00e7a e a Assembleia Legislativa. No centro, se vislumbra o imponente monumento a J\u00falio de Castilhos, patriarca do Rio Grande do Sul. Outro pr\u00e9dio de destaque \u00e9 o aclamado Teatro S\u00e3o Pedro. Seu nome popular vem do fato de que a Catedral Metropolitana se situa neste local, mas seu nome oficial \u00e9 Pra\u00e7a Marechal Deodoro.<\/p>\n\n\n\n<p><a href=\"https:\/\/gauchazh.clicrbs.com.br\/porto-alegre\/noticia\/2018\/05\/fotos-orla-do-guaiba-volta-a-ser-ponto-de-lazer-cjgtxva3y05yp01qojghpt77v.html\">Orla do Gua\u00edba<\/a>: ainda em obras, \u00e9 um dos pontos de encontro mais concorridos pelos porto-alegrenses. Esta\u00e7\u00f5es de bicicletas de aluguel nas proximidades permitem passeios ao largo da orla.<\/p>\n\n\n\n<p><a href=\"http:\/\/www.iberecamargo.org.br\/default.aspx\">Funda\u00e7\u00e3o Iber\u00ea Camargo<\/a>: sediada em belo pr\u00e9dio desenhado pelo aclamado arquiteto portugu\u00eas \u00c1lvaro Siza, preserva a obra do expoente pintor ga\u00facho. Posicionado em escarpa frente \u00e0 orla do Gua\u00edba, dele se tem uma bela vista do p\u00f4r-do-sol.<\/p>\n\n\n\n<p><a href=\"https:\/\/www.tripadvisor.com.br\/Attraction_Review-g303546-d555100-Reviews-Farroupilha_Park_Redencao-Porto_Alegre_State_of_Rio_Grande_do_Sul.html\">Parque Farroupilha<\/a>: Extensa \u00e1rea verde que abriga monumentos, pra\u00e7as, recantos, canchas esportivas, parque de divers\u00f5es e o famoso <a href=\"http:\/\/briquedaredencao.com.br\/\">Brique da Reden\u00e7\u00e3o<\/a>. Lugar perfeito para passear tranquilamente enquanto se toma um chimarr\u00e3o e se observa os h\u00e1bitos dos ga\u00fachos.<\/p>\n","protected":false},"excerpt":{"rendered":"<p>Bem-vindo \u00e0 Porto Alegre! Porto Alegre \u00e9 um munic\u00edpio brasileiro e a capital do estado mais meridional do Brasil, o Rio Grande do Sul. Com uma \u00e1rea de mais de 490 mil km\u00b2, possui uma geografia diversificada, com morros, baixadas e um grande lago, o Gua\u00edba. Hist\u00f3ria e caracter\u00edsticas A cidade constituiu-se a partir da &hellip; <\/p>\n<p class=\"link-more\"><a href=\"https:\/\/portoalegre.wordcamp.org\/2019\/guia-de-sobrevivencia\/\" class=\"more-link\">Continue lendo<span class=\"screen-reader-text\"> &#8220;Guia de sobreviv\u00eancia&#8221;<\/span><\/a><\/p>\n","protected":false},"author":254350,"featured_media":0,"parent":0,"menu_order":0,"comment_status":"closed","ping_status":"closed","template":"","meta":{"jetpack_post_was_ever_published":false,"footnotes":""},"class_list":["post-170","page","type-page","status-publish","hentry"],"jetpack_sharing_enabled":true,"jetpack_shortlink":"https:\/\/wp.me\/PaMMH4-2K","jetpack_likes_enabled":true,"jetpack-related-posts":[{"id":208,"url":"https:\/\/portoalegre.wordcamp.org\/2019\/","url_meta":{"origin":170,"position":0},"title":"Bem-vindo ao WordCamp Porto Alegre!","author":"Rodrigo Donini","date":"abril 2, 2019","format":false,"excerpt":"O WordCamp Porto Alegre \u00e9 o evento oficial de WordPress na Capital dos Ga\u00fachos, em sua quinta edi\u00e7\u00e3o. Descansando \u00e0s margens do Lago Gua\u00edba, Porto Alegre \u00e9 o grande centro da fronteira Sul do Brasil, de forte cultura local, com costumes e linguajar distintos, destacada gastronomia, expressiva cena art\u00edstica e\u2026","rel":"","context":"Post similar","block_context":{"text":"Post similar","link":""},"img":{"alt_text":"","src":"https:\/\/i0.wp.com\/portoalegre.wordcamp.org\/2019\/files\/2019\/04\/WordCampPortoAlegre2019_icon.png?fit=480%2C480&resize=350%2C200#038;ssl=1","width":350,"height":200},"classes":[]},{"id":394,"url":"https:\/\/portoalegre.wordcamp.org\/2019\/bienvenido-a-wordcamp-porto-alegre-2019\/","url_meta":{"origin":170,"position":1},"title":"Bienvenido a WordCamp Porto Alegre 2019!","author":"Marco Andrei Kichalowsky","date":"abril 7, 2019","format":false,"excerpt":"La conferencia oficial de WordPress, el sistema de administraci\u00f3n de contenido m\u00e1s popular en el mundo, anuncia su realizaci\u00f3n en la Capital Brasile\u00f1a de los Gauchos en el primer semestre El evento oficial de WordPress, donde se re\u00fane la comunidad de desarrolladores, dise\u00f1adores y usuarios de la plataforma para hablar\u2026","rel":"","context":"Post similar","block_context":{"text":"Post similar","link":""},"img":{"alt_text":"","src":"https:\/\/i0.wp.com\/portoalegre.wordcamp.org\/2019\/files\/2019\/04\/WordCampPortoAlegre2019_icon.png?fit=480%2C480&resize=350%2C200#038;ssl=1","width":350,"height":200},"classes":[]},{"id":19,"url":"https:\/\/portoalegre.wordcamp.org\/2019\/codigo-de-conduta\/","url_meta":{"origin":170,"position":2},"title":"C\u00f3digo de Conduta","author":"Gustavo Tagliassuchi","date":"mar\u00e7o 8, 2019","format":false,"excerpt":"1 - Objetivos O WordCamp Porto Alegre acredita que nossa comunidade deve ser totalmente aberta para todos. Desta forma, estamos comprometidos a oferecer um ambiente amig\u00e1vel, seguro e acolhedor para todos, n\u00e3o importando o sexo, orienta\u00e7\u00e3o sexual, defici\u00eancias f\u00edsicas, etnicidade, religi\u00e3o, sistema operacional preferido, linguagem de programa\u00e7\u00e3o ou editor de\u2026","rel":"","context":"Post similar","block_context":{"text":"Post similar","link":""},"img":{"alt_text":"","src":"https:\/\/i0.wp.com\/portoalegre.wordcamp.org\/2019\/files\/2019\/04\/WordCampPortoAlegre2019_icon.png?fit=480%2C480&resize=350%2C200#038;ssl=1","width":350,"height":200},"classes":[]},{"id":8,"url":"https:\/\/portoalegre.wordcamp.org\/2019\/palestrantes\/","url_meta":{"origin":170,"position":3},"title":"Palestrantes","author":"Gustavo Tagliassuchi","date":"mar\u00e7o 8, 2019","format":false,"excerpt":"Confira os palestrantes do WordCamp Porto Alegre 2019!","rel":"","context":"Post similar","block_context":{"text":"Post similar","link":""},"img":{"alt_text":"","src":"https:\/\/i0.wp.com\/portoalegre.wordcamp.org\/2019\/files\/2019\/04\/WordCampPortoAlegre2019_icon.png?fit=480%2C480&resize=350%2C200#038;ssl=1","width":350,"height":200},"classes":[]},{"id":168,"url":"https:\/\/portoalegre.wordcamp.org\/2019\/edicoes-anteriores\/","url_meta":{"origin":170,"position":4},"title":"Edi\u00e7\u00f5es anteriores","author":"Gustavo Tagliassuchi","date":"mar\u00e7o 28, 2019","format":false,"excerpt":"A cidade de Porto Alegre sedia o WordCamp desde 2013 O WordCamp Porto Alegre \u00e9 organizado por volunt\u00e1rios, dividido em palestras e oficinas. Toda a arrecada\u00e7\u00e3o do evento \u00e9 investido nele mesmo na forma de brindes, estrutura e alimenta\u00e7\u00e3o. Edi\u00e7\u00e3o 2018 Data: 05\/05\/2018N\u00famero de Palestras:\u00a012Total de Participantes: 148P\u00e1gina:\u00a02018.portoalegre.wordcamp.org Edi\u00e7\u00e3o 2017\u2026","rel":"","context":"Post similar","block_context":{"text":"Post similar","link":""},"img":{"alt_text":"","src":"https:\/\/i0.wp.com\/portoalegre.wordcamp.org\/2019\/files\/2019\/04\/WordCampPortoAlegre2019_icon.png?fit=480%2C480&resize=350%2C200#038;ssl=1","width":350,"height":200},"classes":[]},{"id":9,"url":"https:\/\/portoalegre.wordcamp.org\/2019\/palestras\/","url_meta":{"origin":170,"position":5},"title":"Palestras","author":"Gustavo Tagliassuchi","date":"mar\u00e7o 8, 2019","format":false,"excerpt":"Confira as palestras do WordCamp Porto Alegre 2019!","rel":"","context":"Post similar","block_context":{"text":"Post similar","link":""},"img":{"alt_text":"","src":"https:\/\/i0.wp.com\/portoalegre.wordcamp.org\/2019\/files\/2019\/04\/WordCampPortoAlegre2019_icon.png?fit=480%2C480&resize=350%2C200#038;ssl=1","width":350,"height":200},"classes":[]}],"_links":{"self":[{"href":"https:\/\/portoalegre.wordcamp.org\/2019\/wp-json\/wp\/v2\/pages\/170","targetHints":{"allow":["GET"]}}],"collection":[{"href":"https:\/\/portoalegre.wordcamp.org\/2019\/wp-json\/wp\/v2\/pages"}],"about":[{"href":"https:\/\/portoalegre.wordcamp.org\/2019\/wp-json\/wp\/v2\/types\/page"}],"author":[{"embeddable":true,"href":"https:\/\/portoalegre.wordcamp.org\/2019\/wp-json\/wp\/v2\/users\/254350"}],"replies":[{"embeddable":true,"href":"https:\/\/portoalegre.wordcamp.org\/2019\/wp-json\/wp\/v2\/comments?post=170"}],"version-history":[{"count":3,"href":"https:\/\/portoalegre.wordcamp.org\/2019\/wp-json\/wp\/v2\/pages\/170\/revisions"}],"predecessor-version":[{"id":1009,"href":"https:\/\/portoalegre.wordcamp.org\/2019\/wp-json\/wp\/v2\/pages\/170\/revisions\/1009"}],"wp:attachment":[{"href":"https:\/\/portoalegre.wordcamp.org\/2019\/wp-json\/wp\/v2\/media?parent=170"}],"curies":[{"name":"wp","href":"https:\/\/api.w.org\/{rel}","templated":true}]}}