{"id":8,"date":"2017-02-15T21:25:42","date_gmt":"2017-02-16T00:25:42","guid":{"rendered":"https:\/\/2017.portoalegre.wordcamp.org\/speakers\/"},"modified":"2017-04-24T01:26:35","modified_gmt":"2017-04-24T04:26:35","slug":"palestrantes","status":"publish","type":"page","link":"https:\/\/portoalegre.wordcamp.org\/2017\/palestrantes\/","title":{"rendered":"Palestrantes"},"content":{"rendered":"\n\t<div class=\"wcorg-speakers\">\n\n\t\t\n\t\t\t<!-- Organizers note: The id attribute is deprecated and only remains for backwards compatibility, please use the corresponding class to target individual speakers -->\n\t\t\t<div id=\"wcorg-speaker-ricardo-bernardi\" class=\"wcorg-speaker wcorg-speaker-ricardo-bernardi wcorg-track-principal\">\n\t\t\t\t<h2>\n\t\t\t\t\t\n\t\t\t\t\t\tRicardo Bernardi\n\t\t\t\t\t\t\t\t\t<\/h2>\n\n\t\t\t\t<div class=\"wcorg-speaker-description\">\n\t\t\t\t\t<img alt='' src='https:\/\/secure.gravatar.com\/avatar\/400e6724aa6c64f79666256411581086bc4b57dc6b05bff6f0840785bd21efbf?s=100&#038;d=mm&#038;r=g' srcset='https:\/\/secure.gravatar.com\/avatar\/400e6724aa6c64f79666256411581086bc4b57dc6b05bff6f0840785bd21efbf?s=200&#038;d=mm&#038;r=g 2x' class='avatar avatar-100 photo' height='100' width='100' \/>\t\t\t\t\t<p>Comecei a trabalhar com produ\u00e7\u00e3o de conte\u00fado para internet em 2008, por\u00e9m foi em 2010 que pude transformar meu at\u00e9 ent\u00e3o blog em um neg\u00f3cio digital. Em 2012 larguei meu emprego para me dedicar exclusivamente ao site, e a partir de ent\u00e3o tudo que tenho feito \u00e9 compartilhar conhecimento, principalmente na \u00e1rea de desenvolvimento.<\/p>\n\t\t\t\t<\/div>\n\t\t\t<\/div>\n\n\t\t\n\t\t\t<!-- Organizers note: The id attribute is deprecated and only remains for backwards compatibility, please use the corresponding class to target individual speakers -->\n\t\t\t<div id=\"wcorg-speaker-aline-roque\" class=\"wcorg-speaker wcorg-speaker-aline-roque wcorg-track-principal\">\n\t\t\t\t<h2>\n\t\t\t\t\t\n\t\t\t\t\t\tAline Roque\n\t\t\t\t\t\t\t\t\t<\/h2>\n\n\t\t\t\t<div class=\"wcorg-speaker-description\">\n\t\t\t\t\t<img alt='' src='https:\/\/secure.gravatar.com\/avatar\/6ae8bbe6d701f11c409de54d4f9020465c62696522a6642c8b63ff023dd5c56d?s=100&#038;d=mm&#038;r=g' srcset='https:\/\/secure.gravatar.com\/avatar\/6ae8bbe6d701f11c409de54d4f9020465c62696522a6642c8b63ff023dd5c56d?s=200&#038;d=mm&#038;r=g 2x' class='avatar avatar-100 photo' height='100' width='100' \/>\t\t\t\t\t<p>Profissional de marketing com foco no desenvolvimento e alavancagem de neg\u00f3cios baseados em tecnologia. Entusiasta das estrat\u00e9gias de conte\u00fado para gera\u00e7\u00e3o e engajamento de usu\u00e1rios, utiliza a plataforma WordPress desde 2011. Possui certifica\u00e7\u00e3o em Inbound Marketing pela HubSpot, forma\u00e7\u00e3o em Marketing, Administra\u00e7\u00e3o de Empresas e atualmente cursa mestrado em Design Estrat\u00e9gico pela Unisinos.<\/p>\n\t\t\t\t<\/div>\n\t\t\t<\/div>\n\n\t\t\n\t\t\t<!-- Organizers note: The id attribute is deprecated and only remains for backwards compatibility, please use the corresponding class to target individual speakers -->\n\t\t\t<div id=\"wcorg-speaker-sheila-gomes\" class=\"wcorg-speaker wcorg-speaker-sheila-gomes wcorg-track-principal\">\n\t\t\t\t<h2>\n\t\t\t\t\t\n\t\t\t\t\t\tSheila Gomes\n\t\t\t\t\t\t\t\t\t<\/h2>\n\n\t\t\t\t<div class=\"wcorg-speaker-description\">\n\t\t\t\t\t<img alt='' src='https:\/\/secure.gravatar.com\/avatar\/533991027c377c109c8f59449568c075f873068708003013629fcd546ff76141?s=100&#038;d=mm&#038;r=g' srcset='https:\/\/secure.gravatar.com\/avatar\/533991027c377c109c8f59449568c075f873068708003013629fcd546ff76141?s=200&#038;d=mm&#038;r=g 2x' class='avatar avatar-100 photo' height='100' width='100' \/>\t\t\t\t\t<p>Tradutora no par ingl\u00eas-portugu\u00eas e promotora do uso de ferramentas livres e de c\u00f3digo aberto na tradu\u00e7\u00e3o. Especializada em localiza\u00e7\u00e3o de jogos, sites e software.<\/p>\n\t\t\t\t<\/div>\n\t\t\t<\/div>\n\n\t\t\n\t\t\t<!-- Organizers note: The id attribute is deprecated and only remains for backwards compatibility, please use the corresponding class to target individual speakers -->\n\t\t\t<div id=\"wcorg-speaker-kelly-de-castro\" class=\"wcorg-speaker wcorg-speaker-kelly-de-castro wcorg-track-principal\">\n\t\t\t\t<h2>\n\t\t\t\t\t\n\t\t\t\t\t\tKelly de Castro\n\t\t\t\t\t\t\t\t\t<\/h2>\n\n\t\t\t\t<div class=\"wcorg-speaker-description\">\n\t\t\t\t\t<img alt='' src='https:\/\/secure.gravatar.com\/avatar\/00a337de1c65d8635e2aa38871ba0c8e0b3711fdacef7c40125ae03d3bc02e10?s=100&#038;d=mm&#038;r=g' srcset='https:\/\/secure.gravatar.com\/avatar\/00a337de1c65d8635e2aa38871ba0c8e0b3711fdacef7c40125ae03d3bc02e10?s=200&#038;d=mm&#038;r=g 2x' class='avatar avatar-100 photo' height='100' width='100' \/>\t\t\t\t\t<p>Entusiasta do software livre e do livre compartilhamento da informa\u00e7\u00e3o. Militante no direito \u00e0 privacidade e no combate ao analfabetismo digital e midi\u00e1tico.<\/p>\n<p>Professora, artista, licenciada em artes c\u00eanicas pela Universidade Federal de Ouro Preto e aluna do MBA em Gest\u00e3o da Tecnologia da Informa\u00e7\u00e3o e Comunica\u00e7\u00e3o pela Universidade Tecnol\u00f3gica Federal do Paran\u00e1.<\/p>\n<p>Atualmente atua com gest\u00e3o de projetos e pessoas no desenvolvimento de tecnologia sob demanda para pequenas e m\u00e9dias empresas.<\/p>\n\t\t\t\t<\/div>\n\t\t\t<\/div>\n\n\t\t\n\t\t\t<!-- Organizers note: The id attribute is deprecated and only remains for backwards compatibility, please use the corresponding class to target individual speakers -->\n\t\t\t<div id=\"wcorg-speaker-denis-andrade\" class=\"wcorg-speaker wcorg-speaker-denis-andrade wcorg-track-principal\">\n\t\t\t\t<h2>\n\t\t\t\t\t\n\t\t\t\t\t\tDenis Andrade\n\t\t\t\t\t\t\t\t\t<\/h2>\n\n\t\t\t\t<div class=\"wcorg-speaker-description\">\n\t\t\t\t\t<img alt='' src='https:\/\/secure.gravatar.com\/avatar\/e7cba55f4bfb7ad975ded20d85cb794a837d9022307a92d4b68cf7bed56cac29?s=100&#038;d=mm&#038;r=g' srcset='https:\/\/secure.gravatar.com\/avatar\/e7cba55f4bfb7ad975ded20d85cb794a837d9022307a92d4b68cf7bed56cac29?s=200&#038;d=mm&#038;r=g 2x' class='avatar avatar-100 photo' height='100' width='100' \/>\t\t\t\t\t<p>Sou CEO da Mateada e professor da ComSchool. Estou envolvido com a internet desde 1995 e trabalho com Marketing Digital h\u00e1 mais de 10 anos. Minha paix\u00e3o por SEO come\u00e7ou quando criei meu primeiro blog em 2006, em WordPress. \ud83d\ude42<\/p>\n<p>Gosto de compartilhar conhecimento. J\u00e1 publiquei diversos v\u00eddeos e podcasts sobre marketing digital, palestrei em eventos como Search Masters Brasil e COMADE e tamb\u00e9m sou um dos \u00e2ncoras da nova temporada de hangouts do Digitais do Marketing.<\/p>\n\t\t\t\t<\/div>\n\t\t\t<\/div>\n\n\t\t\n\t\t\t<!-- Organizers note: The id attribute is deprecated and only remains for backwards compatibility, please use the corresponding class to target individual speakers -->\n\t\t\t<div id=\"wcorg-speaker-israel-cefrin\" class=\"wcorg-speaker wcorg-speaker-israel-cefrin wcorg-track-principal\">\n\t\t\t\t<h2>\n\t\t\t\t\t\n\t\t\t\t\t\tIsrael Cefrin\n\t\t\t\t\t\t\t\t\t<\/h2>\n\n\t\t\t\t<div class=\"wcorg-speaker-description\">\n\t\t\t\t\t<img alt='' src='https:\/\/secure.gravatar.com\/avatar\/8afd08855858023ec7c67562493343a25fdbf1e30324abecde14bd981c08abf4?s=100&#038;d=mm&#038;r=g' srcset='https:\/\/secure.gravatar.com\/avatar\/8afd08855858023ec7c67562493343a25fdbf1e30324abecde14bd981c08abf4?s=200&#038;d=mm&#038;r=g 2x' class='avatar avatar-100 photo' height='100' width='100' \/>\t\t\t\t\t<p>Trabalho com comunica\u00e7\u00e3o cient\u00edfica (p\u00fablica e privada) e desenvolvimento de solu\u00e7\u00f5es para comunica\u00e7\u00e3o corporativa com produtos online utilizando o WordPress.<\/p>\n<p>Sou doutorando em Design &amp; Tecnologia (UFRGS), mestre na mesma \u00e1rea e possuo gradua\u00e7\u00e3o em publicidade, al\u00e9m de, tamb\u00e9m, ser desenvolvedor web por pr\u00e1tica de trabalho.<\/p>\n<p>Desenvolvo solu\u00e7\u00f5es para ambiente online desde 1996 e atualmente tamb\u00e9m sou editor executivo de revistas cient\u00edficas da Funda\u00e7\u00e3o de Economia e Estat\u00edstica (FEE), Universidade Federal do Rio Grande do Sul (UFRGS) e da Universidade Estadual do Rio Grande do Sul (UERGS).<\/p>\n\t\t\t\t<\/div>\n\t\t\t<\/div>\n\n\t\t\n\t\t\t<!-- Organizers note: The id attribute is deprecated and only remains for backwards compatibility, please use the corresponding class to target individual speakers -->\n\t\t\t<div id=\"wcorg-speaker-rafael-funchal\" class=\"wcorg-speaker wcorg-speaker-rafael-funchal wcorg-track-principal\">\n\t\t\t\t<h2>\n\t\t\t\t\t\n\t\t\t\t\t\tRafael Funchal\n\t\t\t\t\t\t\t\t\t<\/h2>\n\n\t\t\t\t<div class=\"wcorg-speaker-description\">\n\t\t\t\t\t<img alt='' src='https:\/\/secure.gravatar.com\/avatar\/aeee6b8b3bde427e6fb9998fed5195751589ae8dd81102d0e804ea6a349fa190?s=100&#038;d=mm&#038;r=g' srcset='https:\/\/secure.gravatar.com\/avatar\/aeee6b8b3bde427e6fb9998fed5195751589ae8dd81102d0e804ea6a349fa190?s=200&#038;d=mm&#038;r=g 2x' class='avatar avatar-100 photo' height='100' width='100' \/>\t\t\t\t\t<p><em>Web developer<\/em>, publicit\u00e1rio e m\u00fasico nas horas vagas. Desenvolve com WordPress desde 2009, \u00e9 um dos administradores do grupo WordPress Brasil no Facebook, um dos organizadores dos <em>meetups<\/em> S\u00e3o Paulo e <em>Happiness Engineer<\/em> no WordPress.com.<\/p>\n\t\t\t\t<\/div>\n\t\t\t<\/div>\n\n\t\t\n\t\t\t<!-- Organizers note: The id attribute is deprecated and only remains for backwards compatibility, please use the corresponding class to target individual speakers -->\n\t\t\t<div id=\"wcorg-speaker-ligia-freitas\" class=\"wcorg-speaker wcorg-speaker-ligia-freitas wcorg-track-principal\">\n\t\t\t\t<h2>\n\t\t\t\t\t\n\t\t\t\t\t\tL\u00edgia Freitas\n\t\t\t\t\t\t\t\t\t<\/h2>\n\n\t\t\t\t<div class=\"wcorg-speaker-description\">\n\t\t\t\t\t<img alt='' src='https:\/\/secure.gravatar.com\/avatar\/4abd07f8da5b344894b475c3e2dd6f539dd8a0e5786f18cd955b5a62c768a37d?s=100&#038;d=mm&#038;r=g' srcset='https:\/\/secure.gravatar.com\/avatar\/4abd07f8da5b344894b475c3e2dd6f539dd8a0e5786f18cd955b5a62c768a37d?s=200&#038;d=mm&#038;r=g 2x' class='avatar avatar-100 photo' height='100' width='100' \/>\t\t\t\t\t<p>Lilly \u00e9 bibliotec\u00e1ria e nerd. Desenvolvedora web front-end h\u00e1 10 anos, sendo 5 com WordPress (mas brinca com HTML desde 2000). Gosta de pensar em coisas que facilitem a vida das pessoas.<\/p>\n\t\t\t\t<\/div>\n\t\t\t<\/div>\n\n\t\t\n\t\t\t<!-- Organizers note: The id attribute is deprecated and only remains for backwards compatibility, please use the corresponding class to target individual speakers -->\n\t\t\t<div id=\"wcorg-speaker-vinicius-lourenco\" class=\"wcorg-speaker wcorg-speaker-vinicius-lourenco wcorg-track-principal\">\n\t\t\t\t<h2>\n\t\t\t\t\t\n\t\t\t\t\t\tVin\u00edcius Louren\u00e7o\n\t\t\t\t\t\t\t\t\t<\/h2>\n\n\t\t\t\t<div class=\"wcorg-speaker-description\">\n\t\t\t\t\t<img alt='' src='https:\/\/secure.gravatar.com\/avatar\/f4e9c9d7c97e99ee9bfc53f96668d5d119d87d9c3a6612fadbf19fd0d604d2f2?s=100&#038;d=mm&#038;r=g' srcset='https:\/\/secure.gravatar.com\/avatar\/f4e9c9d7c97e99ee9bfc53f96668d5d119d87d9c3a6612fadbf19fd0d604d2f2?s=200&#038;d=mm&#038;r=g 2x' class='avatar avatar-100 photo' height='100' width='100' \/>\t\t\t\t\t<p>Um cara gente boa, desenvolvedor WordPress &amp; WooCommerce que ama compartilhar o que aprende tanto no blog como em palestras, acredita na for\u00e7a e import\u00e2ncia do open-source tanto para quem entende ou n\u00e3o de bin\u00e1rios! \u00c9 WordPress Developer na SAU\/CAL trabalhando com projetos internacionais de todos os tamanhos.<\/p>\n\t\t\t\t<\/div>\n\t\t\t<\/div>\n\n\t\t\n\t\t\t<!-- Organizers note: The id attribute is deprecated and only remains for backwards compatibility, please use the corresponding class to target individual speakers -->\n\t\t\t<div id=\"wcorg-speaker-leo-baiano\" class=\"wcorg-speaker wcorg-speaker-leo-baiano wcorg-track-principal\">\n\t\t\t\t<h2>\n\t\t\t\t\t\n\t\t\t\t\t\tLeo Baiano\n\t\t\t\t\t\t\t\t\t<\/h2>\n\n\t\t\t\t<div class=\"wcorg-speaker-description\">\n\t\t\t\t\t<img alt='' src='https:\/\/secure.gravatar.com\/avatar\/7b21aae922d322c886765765d74a4181eb71106e6cb2377cd38c13bded206392?s=100&#038;d=mm&#038;r=g' srcset='https:\/\/secure.gravatar.com\/avatar\/7b21aae922d322c886765765d74a4181eb71106e6cb2377cd38c13bded206392?s=200&#038;d=mm&#038;r=g 2x' class='avatar avatar-100 photo' height='100' width='100' \/>\t\t\t\t\t<p>Programador s\u00eanior na empresa Master Juris, trabalha com desenvolvimento de temas e plug-ins para WordPress h\u00e1 mais de 10 anos e gosta muito de fazer novas amizades!<\/p>\n\t\t\t\t<\/div>\n\t\t\t<\/div>\n\n\t\t\n\t\t\t<!-- Organizers note: The id attribute is deprecated and only remains for backwards compatibility, please use the corresponding class to target individual speakers -->\n\t\t\t<div id=\"wcorg-speaker-leandro-vieira\" class=\"wcorg-speaker wcorg-speaker-leandro-vieira wcorg-track-principal\">\n\t\t\t\t<h2>\n\t\t\t\t\t\n\t\t\t\t\t\tLeandro Vieira\n\t\t\t\t\t\t\t\t\t<\/h2>\n\n\t\t\t\t<div class=\"wcorg-speaker-description\">\n\t\t\t\t\t<img alt='' src='https:\/\/secure.gravatar.com\/avatar\/fdaa84c94435d053d3d8456aae4a832191fee2e7d3a61df5846e2d0179a6059a?s=100&#038;d=mm&#038;r=g' srcset='https:\/\/secure.gravatar.com\/avatar\/fdaa84c94435d053d3d8456aae4a832191fee2e7d3a61df5846e2d0179a6059a?s=200&#038;d=mm&#038;r=g 2x' class='avatar avatar-100 photo' height='100' width='100' \/>\t\t\t\t\t<p>Especialista em WordPress, \u00e9 fundador e CEO da Apiki.<\/p>\n\t\t\t\t<\/div>\n\t\t\t<\/div>\n\n\t\t\n\t\t\t<!-- Organizers note: The id attribute is deprecated and only remains for backwards compatibility, please use the corresponding class to target individual speakers -->\n\t\t\t<div id=\"wcorg-speaker-rodrigo-donini\" class=\"wcorg-speaker wcorg-speaker-rodrigo-donini wcorg-track-principal\">\n\t\t\t\t<h2>\n\t\t\t\t\t\n\t\t\t\t\t\tRodrigo Donini\n\t\t\t\t\t\t\t\t\t<\/h2>\n\n\t\t\t\t<div class=\"wcorg-speaker-description\">\n\t\t\t\t\t<img alt='' src='https:\/\/secure.gravatar.com\/avatar\/c8cf504e5ae3826eb87591aa4f6658e912bc658a0d8aa487ad90b4ce26ff7f24?s=100&#038;d=mm&#038;r=g' srcset='https:\/\/secure.gravatar.com\/avatar\/c8cf504e5ae3826eb87591aa4f6658e912bc658a0d8aa487ad90b4ce26ff7f24?s=200&#038;d=mm&#038;r=g 2x' class='avatar avatar-100 photo' height='100' width='100' \/>\t\t\t\t\t<p>Pai, marido, desenvolvedor e palestrante. Trabalho remoto e WordPress s\u00e3o suas paix\u00f5es, juntamente com a forte motiva\u00e7\u00e3o de movimentar a comunidade de desenvolvimento de software local. Atualmente \u00e9 WordPress Engineer e Community Leader na Toptal LLC onde lida com projetos internacionais de alta escala e disponibilidade.<\/p>\n\t\t\t\t<\/div>\n\t\t\t<\/div>\n\n\t\t\n\t<\/div>\n\n\t\n","protected":false},"excerpt":{"rendered":"","protected":false},"author":4711507,"featured_media":0,"parent":0,"menu_order":0,"comment_status":"closed","ping_status":"closed","template":"","meta":{"jetpack_post_was_ever_published":false,"footnotes":""},"class_list":["post-8","page","type-page","status-publish","hentry"],"jetpack_sharing_enabled":true,"jetpack_shortlink":"https:\/\/wp.me\/P8pj85-8","jetpack-related-posts":[{"id":241,"url":"https:\/\/portoalegre.wordcamp.org\/2017\/voluntarios-wordcamp-poa-2017\/","url_meta":{"origin":8,"position":0},"title":"S\u00ea um volunt\u00e1rio no WordCamp POA 2017!","author":"Rodrigo Donini","date":"18 de mar\u00e7o de 2017","format":false,"excerpt":"Volunt\u00e1rios s\u00e3o muito importantes para a realiza\u00e7\u00e3o dos WordCamps, pois ajudam a tornar\u00a0o evento\u00a0mais organizado e confort\u00e1vel para seus participantes e palestrantes. Quais s\u00e3o as atribui\u00e7\u00f5es de um volunt\u00e1rio? As tarefas dos volunt\u00e1rios ser\u00e3o de auxiliar na organiza\u00e7\u00e3o do evento, antes e durante a sua realiza\u00e7\u00e3o.\u00a0Ao te\u00a0candidatar a ser um\u2026","rel":"","context":"Post similar","block_context":{"text":"Post similar","link":""},"img":{"alt_text":"","src":"https:\/\/i0.wp.com\/portoalegre.wordcamp.org\/2017\/files\/2017\/03\/cropped-wcpoa2017-favicon-1.png?resize=350%2C200&ssl=1","width":350,"height":200},"classes":[]},{"id":1215,"url":"https:\/\/portoalegre.wordcamp.org\/2017\/voluntarios\/","url_meta":{"origin":8,"position":1},"title":"Volunt\u00e1rios","author":"Rodrigo Donini","date":"3 de maio de 2017","format":false,"excerpt":"Volunt\u00e1rios s\u00e3o muito importantes para a realiza\u00e7\u00e3o dos WordCamps, pois ajudam a tornar\u00a0o evento\u00a0mais organizado e confort\u00e1vel para seus participantes e palestrantes. Se voc\u00ea deseja fazer parte deste time, preencha o formul\u00e1rio de inscri\u00e7\u00e3o. Estes s\u00e3o os\u00a0viventes que v\u00e3o dedicar seu tempo para fazer\u00a0essa linda e sensacional tert\u00falia de WordPress\u2026","rel":"","context":"Post similar","block_context":{"text":"Post similar","link":""},"img":{"alt_text":"","src":"https:\/\/i0.wp.com\/portoalegre.wordcamp.org\/2017\/files\/2017\/03\/cropped-wcpoa2017-favicon-1.png?resize=350%2C200&ssl=1","width":350,"height":200},"classes":[]},{"id":19,"url":"https:\/\/portoalegre.wordcamp.org\/2017\/codigo-de-conduta\/","url_meta":{"origin":8,"position":2},"title":"C\u00f3digo de Conduta","author":"Marco Andrei Kichalowsky","date":"15 de fevereiro de 2017","format":false,"excerpt":"C\u00f3digo de Conduta 1. Objetivos O WordCamp Porto Alegre acredita que nossa comunidade deve ser totalmente aberta para todos. Desta forma, estamos comprometidos a oferecer um ambiente amig\u00e1vel, seguro e acolhedor para todos, n\u00e3o importando o sexo, orienta\u00e7\u00e3o sexual, defici\u00eancias f\u00edsicas, etnicidade, religi\u00e3o, sistema operacional preferido, linguagem de programa\u00e7\u00e3o ou\u2026","rel":"","context":"Post similar","block_context":{"text":"Post similar","link":""},"img":{"alt_text":"","src":"https:\/\/i0.wp.com\/portoalegre.wordcamp.org\/2017\/files\/2017\/03\/cropped-wcpoa2017-favicon-1.png?resize=350%2C200&ssl=1","width":350,"height":200},"classes":[]}],"jetpack_likes_enabled":true,"_links":{"self":[{"href":"https:\/\/portoalegre.wordcamp.org\/2017\/wp-json\/wp\/v2\/pages\/8","targetHints":{"allow":["GET"]}}],"collection":[{"href":"https:\/\/portoalegre.wordcamp.org\/2017\/wp-json\/wp\/v2\/pages"}],"about":[{"href":"https:\/\/portoalegre.wordcamp.org\/2017\/wp-json\/wp\/v2\/types\/page"}],"author":[{"embeddable":true,"href":"https:\/\/portoalegre.wordcamp.org\/2017\/wp-json\/wp\/v2\/users\/4711507"}],"replies":[{"embeddable":true,"href":"https:\/\/portoalegre.wordcamp.org\/2017\/wp-json\/wp\/v2\/comments?post=8"}],"version-history":[{"count":2,"href":"https:\/\/portoalegre.wordcamp.org\/2017\/wp-json\/wp\/v2\/pages\/8\/revisions"}],"predecessor-version":[{"id":837,"href":"https:\/\/portoalegre.wordcamp.org\/2017\/wp-json\/wp\/v2\/pages\/8\/revisions\/837"}],"wp:attachment":[{"href":"https:\/\/portoalegre.wordcamp.org\/2017\/wp-json\/wp\/v2\/media?parent=8"}],"curies":[{"name":"wp","href":"https:\/\/api.w.org\/{rel}","templated":true}]}}