{"id":72523,"date":"2013-06-10T17:47:39","date_gmt":"2013-06-10T20:47:39","guid":{"rendered":"https:\/\/2013.portoalegre.wordcamp.org\/?page_id=72523"},"modified":"2013-08-23T08:16:09","modified_gmt":"2013-08-23T11:16:09","slug":"home","status":"publish","type":"page","link":"https:\/\/portoalegre.wordcamp.org\/2013\/","title":{"rendered":"Ol\u00e1!"},"content":{"rendered":"<p>A 1\u00ba Edi\u00e7\u00e3o do WordCamp Porto Alegre foi um sucesso e gostar\u00edamos de agradecer a todos aqueles que participaram e desta forma contribu\u00edram para o avan\u00e7o do WordPress no Brasil.<\/p>\n<p>Confira como foi a programa\u00e7\u00e3o do evento em: <a href=\"https:\/\/2013.portoalegre.wordcamp.org\/programacao\/\" title=\"Programa\u00e7\u00e3o\">Programa\u00e7\u00e3o<\/a><\/p>\n<p>Veja os v\u00eddeos das palestras em: <a href=\"https:\/\/2013.portoalegre.wordcamp.org\/\" title=\"V\u00eddeos\">V\u00eddeos<\/a><\/p>\n<p>Caso queira estudar mais a fundo cada palestra, sugerimos visualizar os <a href=\"https:\/\/2013.portoalegre.wordcamp.org\/slides\/\" title=\"Slides\">Slides<\/a> de cada uma.<\/p>\n<p>J\u00e1 viram as <a href=\"https:\/\/2013.portoalegre.wordcamp.org\/fotos\/\" title=\"Fotos\">fotos do evento<\/a>?<\/p>\n<p>Quer ficar sabendo quando ir\u00e1 acontecer o WordCamp em Porto Alegre 2014? Sugerimos dar um &#8220;like&#8221; na nossa fanpage do Facebook, \u00e9 a forma mais f\u00e1cil de ficar por dentro das novidades: <a href=\"https:\/\/www.facebook.com\/WordcampPortoAlegre\" target=\"_blank\">https:\/\/www.facebook.com\/WordcampPortoAlegre<\/a><\/p>\n<p>N\u00e3o gosta de Facebook? N\u00e3o tem problema, temos um perfil no Twitter para voc\u00ea seguir: <a href=\"https:\/\/twitter.com\/wordcamppoa\" target=\"_blank\">https:\/\/twitter.com\/wordcamppoa<\/a><\/p>\n<p>Gostaria de alguma informa\u00e7\u00e3o adicional? Utilize o <a href=\"https:\/\/2013.portoalegre.wordcamp.org\/contato\/\" title=\"Contato\">formul\u00e1rio de contato<\/a>! Prometemos responder bem r\u00e1pido!<\/p>\n<p>Abra\u00e7os a todos!<\/p>\n<p>Rafael Ehlers<br \/>\nOrganizador<\/p>\n","protected":false},"excerpt":{"rendered":"<p>A 1\u00ba Edi\u00e7\u00e3o do WordCamp Porto Alegre foi um sucesso e gostar\u00edamos de agradecer a todos aqueles que participaram e desta forma contribu\u00edram para o avan\u00e7o do WordPress no Brasil. Confira como foi a programa\u00e7\u00e3o do evento em: Programa\u00e7\u00e3o Veja os v\u00eddeos das palestras em: V\u00eddeos Caso queira estudar mais a fundo cada palestra, sugerimos [&hellip;]<\/p>\n","protected":false},"author":7234016,"featured_media":0,"parent":0,"menu_order":0,"comment_status":"closed","ping_status":"closed","template":"","meta":{"_crdt_document":"","jetpack_post_was_ever_published":false,"footnotes":""},"class_list":["post-72523","page","type-page","status-publish","hentry"],"jetpack_shortlink":"https:\/\/wp.me\/P3wIVg-iRJ","jetpack_sharing_enabled":true,"_links":{"self":[{"href":"https:\/\/portoalegre.wordcamp.org\/2013\/wp-json\/wp\/v2\/pages\/72523","targetHints":{"allow":["GET"]}}],"collection":[{"href":"https:\/\/portoalegre.wordcamp.org\/2013\/wp-json\/wp\/v2\/pages"}],"about":[{"href":"https:\/\/portoalegre.wordcamp.org\/2013\/wp-json\/wp\/v2\/types\/page"}],"author":[{"embeddable":true,"href":"https:\/\/portoalegre.wordcamp.org\/2013\/wp-json\/wp\/v2\/users\/7234016"}],"replies":[{"embeddable":true,"href":"https:\/\/portoalegre.wordcamp.org\/2013\/wp-json\/wp\/v2\/comments?post=72523"}],"version-history":[{"count":10,"href":"https:\/\/portoalegre.wordcamp.org\/2013\/wp-json\/wp\/v2\/pages\/72523\/revisions"}],"predecessor-version":[{"id":320123,"href":"https:\/\/portoalegre.wordcamp.org\/2013\/wp-json\/wp\/v2\/pages\/72523\/revisions\/320123"}],"wp:attachment":[{"href":"https:\/\/portoalegre.wordcamp.org\/2013\/wp-json\/wp\/v2\/media?parent=72523"}],"curies":[{"name":"wp","href":"https:\/\/api.w.org\/{rel}","templated":true}]}}

Olá!

<p>A 1º Edição do WordCamp Porto Alegre foi um sucesso e gostaríamos de agradecer a todos aqueles que participaram e desta forma contribuíram para o avanço do WordPress no Brasil.</p>
<p>Confira como foi a programação do evento em: <a href="https://2013.portoalegre.wordcamp.org/programacao/" title="Programação">Programação</a></p>
<p>Veja os vídeos das palestras em: <a href="https://2013.portoalegre.wordcamp.org/" title="Vídeos">Vídeos</a></p>
<p>Caso queira estudar mais a fundo cada palestra, sugerimos visualizar os <a href="https://2013.portoalegre.wordcamp.org/slides/" title="Slides">Slides</a> de cada uma.</p>
<p>Já viram as <a href="https://2013.portoalegre.wordcamp.org/fotos/" title="Fotos">fotos do evento</a>?</p>
<p>Quer ficar sabendo quando irá acontecer o WordCamp em Porto Alegre 2014? Sugerimos dar um &#8220;like&#8221; na nossa fanpage do Facebook, é a forma mais fácil de ficar por dentro das novidades: <a href="https://www.facebook.com/WordcampPortoAlegre" target="_blank">https://www.facebook.com/WordcampPortoAlegre</a></p>
<p>Não gosta de Facebook? Não tem problema, temos um perfil no Twitter para você seguir: <a href="https://twitter.com/wordcamppoa" target="_blank">https://twitter.com/wordcamppoa</a></p>
<p>Gostaria de alguma informação adicional? Utilize o <a href="https://2013.portoalegre.wordcamp.org/contato/" title="Contato">formulário de contato</a>! Prometemos responder bem rápido!</p>
<p>Abraços a todos!</p>
<p>Rafael Ehlers<br />
Organizador</p>

<p>A 1º Edição do WordCamp Porto Alegre foi um sucesso e gostaríamos de agradecer a todos aqueles que participaram e desta forma contribuíram para o avanço do WordPress no Brasil. Confira como foi a programação do evento em: Programação Veja os vídeos das palestras em: Vídeos Caso queira estudar mais a fundo cada palestra, sugerimos [&hellip;]</p>
