{"id":72380,"date":"2013-06-10T17:38:38","date_gmt":"2013-06-10T20:38:38","guid":{"rendered":"https:\/\/2013.portoalegre.wordcamp.org\/?page_id=72380"},"modified":"2013-06-10T17:54:54","modified_gmt":"2013-06-10T20:54:54","slug":"creditos","status":"publish","type":"page","link":"https:\/\/portoalegre.wordcamp.org\/2013\/creditos\/","title":{"rendered":"Cr\u00e9ditos"},"content":{"rendered":"<p>A organiza\u00e7\u00e3o do evento agradece o apoio e a colabora\u00e7\u00e3o das seguintes pessoas:<\/p>\n<p><img loading=\"lazy\" decoding=\"async\" data-attachment-id=\"72382\" data-permalink=\"https:\/\/portoalegre.wordcamp.org\/2013\/creditos\/foto_poa\/\" data-orig-file=\"https:\/\/portoalegre.wordcamp.org\/2013\/files\/2013\/06\/foto_poa.jpg\" data-orig-size=\"320,213\" data-comments-opened=\"1\" data-image-meta=\"{&quot;aperture&quot;:&quot;0&quot;,&quot;credit&quot;:&quot;&quot;,&quot;camera&quot;:&quot;&quot;,&quot;caption&quot;:&quot;&quot;,&quot;created_timestamp&quot;:&quot;0&quot;,&quot;copyright&quot;:&quot;&quot;,&quot;focal_length&quot;:&quot;0&quot;,&quot;iso&quot;:&quot;0&quot;,&quot;shutter_speed&quot;:&quot;0&quot;,&quot;title&quot;:&quot;&quot;}\" data-image-title=\"foto_poa\" data-image-description=\"\" data-image-caption=\"\" data-large-file=\"https:\/\/portoalegre.wordcamp.org\/2013\/files\/2013\/06\/foto_poa.jpg\" src=\"https:\/\/2013.portoalegre.wordcamp.org\/files\/2013\/06\/foto_poa.jpg\" alt=\"foto_poa\" width=\"320\" height=\"213\" class=\"size-full wp-image-72382\" srcset=\"https:\/\/portoalegre.wordcamp.org\/2013\/files\/2013\/06\/foto_poa.jpg 320w, https:\/\/portoalegre.wordcamp.org\/2013\/files\/2013\/06\/foto_poa-300x199.jpg 300w\" sizes=\"auto, (max-width: 320px) 100vw, 320px\" \/><br \/>\n<a href=\"http:\/\/www.flickr.com\/photos\/ivogoncalves\/3047819565\/\" target=\"_blank\">Centro Administrativo Porto Alegre &#8211; RS<\/a><br \/>\nFoto: Ivo Gon\u00e7alves\/PMPA<\/p>\n<p>\nIdentidade visual para o evento: <a href=\"http:\/\/cargocollective.com\/jucielibotton\" target=\"_blank\">Juci\u00e9li Botton<\/a><\/p>\n","protected":false},"excerpt":{"rendered":"<p>A organiza\u00e7\u00e3o do evento agradece o apoio e a colabora\u00e7\u00e3o das seguintes pessoas: Centro Administrativo Porto Alegre &#8211; RS Foto: Ivo Gon\u00e7alves\/PMPA Identidade visual para o evento: Juci\u00e9li Botton<\/p>\n","protected":false},"author":7234016,"featured_media":0,"parent":0,"menu_order":0,"comment_status":"closed","ping_status":"closed","template":"","meta":{"_crdt_document":"","jetpack_post_was_ever_published":false,"footnotes":""},"class_list":["post-72380","page","type-page","status-publish","hentry"],"jetpack_shortlink":"https:\/\/wp.me\/P3wIVg-iPq","jetpack_sharing_enabled":true,"_links":{"self":[{"href":"https:\/\/portoalegre.wordcamp.org\/2013\/wp-json\/wp\/v2\/pages\/72380","targetHints":{"allow":["GET"]}}],"collection":[{"href":"https:\/\/portoalegre.wordcamp.org\/2013\/wp-json\/wp\/v2\/pages"}],"about":[{"href":"https:\/\/portoalegre.wordcamp.org\/2013\/wp-json\/wp\/v2\/types\/page"}],"author":[{"embeddable":true,"href":"https:\/\/portoalegre.wordcamp.org\/2013\/wp-json\/wp\/v2\/users\/7234016"}],"replies":[{"embeddable":true,"href":"https:\/\/portoalegre.wordcamp.org\/2013\/wp-json\/wp\/v2\/comments?post=72380"}],"version-history":[{"count":10,"href":"https:\/\/portoalegre.wordcamp.org\/2013\/wp-json\/wp\/v2\/pages\/72380\/revisions"}],"predecessor-version":[{"id":72528,"href":"https:\/\/portoalegre.wordcamp.org\/2013\/wp-json\/wp\/v2\/pages\/72380\/revisions\/72528"}],"wp:attachment":[{"href":"https:\/\/portoalegre.wordcamp.org\/2013\/wp-json\/wp\/v2\/media?parent=72380"}],"curies":[{"name":"wp","href":"https:\/\/api.w.org\/{rel}","templated":true}]}}

Créditos

<p>A organização do evento agradece o apoio e a colaboração das seguintes pessoas:</p>
<p><img loading="lazy" decoding="async" data-attachment-id="72382" data-permalink="https://portoalegre.wordcamp.org/2013/creditos/foto_poa/" data-orig-file="https://portoalegre.wordcamp.org/2013/files/2013/06/foto_poa.jpg" data-orig-size="320,213" data-comments-opened="1" data-image-meta="{&quot;aperture&quot;:&quot;0&quot;,&quot;credit&quot;:&quot;&quot;,&quot;camera&quot;:&quot;&quot;,&quot;caption&quot;:&quot;&quot;,&quot;created_timestamp&quot;:&quot;0&quot;,&quot;copyright&quot;:&quot;&quot;,&quot;focal_length&quot;:&quot;0&quot;,&quot;iso&quot;:&quot;0&quot;,&quot;shutter_speed&quot;:&quot;0&quot;,&quot;title&quot;:&quot;&quot;}" data-image-title="foto_poa" data-image-description="" data-image-caption="" data-large-file="https://portoalegre.wordcamp.org/2013/files/2013/06/foto_poa.jpg" src="https://2013.portoalegre.wordcamp.org/files/2013/06/foto_poa.jpg" alt="foto_poa" width="320" height="213" class="size-full wp-image-72382" srcset="https://portoalegre.wordcamp.org/2013/files/2013/06/foto_poa.jpg 320w, https://portoalegre.wordcamp.org/2013/files/2013/06/foto_poa-300x199.jpg 300w" sizes="auto, (max-width: 320px) 100vw, 320px" /><br />
<a href="http://www.flickr.com/photos/ivogoncalves/3047819565/" target="_blank">Centro Administrativo Porto Alegre &#8211; RS</a><br />
Foto: Ivo Gonçalves/PMPA</p>
<p>
Identidade visual para o evento: <a href="http://cargocollective.com/jucielibotton" target="_blank">Juciéli Botton</a></p>

<p>A organização do evento agradece o apoio e a colaboração das seguintes pessoas: Centro Administrativo Porto Alegre &#8211; RS Foto: Ivo Gonçalves/PMPA Identidade visual para o evento: Juciéli Botton</p>
