{"id":6987,"date":"2013-05-17T03:45:39","date_gmt":"2013-05-17T06:45:39","guid":{"rendered":"https:\/\/2013.portoalegre.wordcamp.org\/?page_id=6987"},"modified":"2013-06-10T01:05:27","modified_gmt":"2013-06-10T04:05:27","slug":"politica-de-privacidade","status":"publish","type":"page","link":"https:\/\/portoalegre.wordcamp.org\/2013\/sobre-o-evento\/politica-de-privacidade\/","title":{"rendered":"Pol\u00edtica de Privacidade"},"content":{"rendered":"<p>Informa\u00e7\u00f5es e dados pessoais fornecidos \u00e0 organiza\u00e7\u00e3o do WordCamp Porto Alegre 2013 \u2013 cuja veracidade e exatid\u00e3o s\u00e3o da total responsabilidade do inscrito \u2013 ser\u00e3o coletados e guardados em conformidade com padr\u00f5es r\u00edgidos de confidencialidade e de seguran\u00e7a, e utilizados para as seguintes finalidades:<\/p>\n<ul>\n<li>comunicar o inscrito a respeito de novos produtos, promo\u00e7\u00f5es, not\u00edcias relacionadas ao evento;<\/li>\n<li>manter atualizados os cadastros dos inscritos para fins de contato telef\u00f4nico, e-mail;<\/li>\n<li>elaborar estat\u00edsticas gerais, sem que haja identifica\u00e7\u00e3o dos inscritos;<\/li>\n<li>responder \u00e0s d\u00favidas e solicita\u00e7\u00f5es dos inscritos no evento.<\/li>\n<\/ul>\n<p>O acesso \u00e0s informa\u00e7\u00f5es recebidas \u00e9 restrito apenas aos integrantes da organiza\u00e7\u00e3o do WordCamp Porto Alegre 2013, autorizados para o uso adequado dessas informa\u00e7\u00f5es. Se o inscrito desejar que seu cadastro seja exclu\u00eddo, ele poder\u00e1 solicitar a exclus\u00e3o a qualquer momento, o que ser\u00e1 feito imediatamente. Feita tal exclus\u00e3o, seu cadastro ser\u00e1 desativado da base de dados do WordCamp Porto Alegre 2013.<\/p>\n<p>A organiza\u00e7\u00e3o do WordCamp Porto Alegre 2013 n\u00e3o vender\u00e1 ou alugar\u00e1 quaisquer dados pessoais dos usu\u00e1rios cadastrados a quaisquer terceiros.<\/p>\n","protected":false},"excerpt":{"rendered":"<p>Informa\u00e7\u00f5es e dados pessoais fornecidos \u00e0 organiza\u00e7\u00e3o do WordCamp Porto Alegre 2013 \u2013 cuja veracidade e exatid\u00e3o s\u00e3o da total responsabilidade do inscrito \u2013 ser\u00e3o coletados e guardados em conformidade com padr\u00f5es r\u00edgidos de confidencialidade e de seguran\u00e7a, e utilizados para as seguintes finalidades: comunicar o inscrito a respeito de novos produtos, promo\u00e7\u00f5es, not\u00edcias relacionadas [&hellip;]<\/p>\n","protected":false},"author":7234016,"featured_media":0,"parent":2149,"menu_order":0,"comment_status":"closed","ping_status":"closed","template":"","meta":{"_crdt_document":"","jetpack_post_was_ever_published":false,"footnotes":""},"class_list":["post-6987","page","type-page","status-publish","hentry"],"jetpack_shortlink":"https:\/\/wp.me\/P3wIVg-1OH","jetpack_sharing_enabled":true,"_links":{"self":[{"href":"https:\/\/portoalegre.wordcamp.org\/2013\/wp-json\/wp\/v2\/pages\/6987","targetHints":{"allow":["GET"]}}],"collection":[{"href":"https:\/\/portoalegre.wordcamp.org\/2013\/wp-json\/wp\/v2\/pages"}],"about":[{"href":"https:\/\/portoalegre.wordcamp.org\/2013\/wp-json\/wp\/v2\/types\/page"}],"author":[{"embeddable":true,"href":"https:\/\/portoalegre.wordcamp.org\/2013\/wp-json\/wp\/v2\/users\/7234016"}],"replies":[{"embeddable":true,"href":"https:\/\/portoalegre.wordcamp.org\/2013\/wp-json\/wp\/v2\/comments?post=6987"}],"version-history":[{"count":5,"href":"https:\/\/portoalegre.wordcamp.org\/2013\/wp-json\/wp\/v2\/pages\/6987\/revisions"}],"predecessor-version":[{"id":70312,"href":"https:\/\/portoalegre.wordcamp.org\/2013\/wp-json\/wp\/v2\/pages\/6987\/revisions\/70312"}],"up":[{"embeddable":true,"href":"https:\/\/portoalegre.wordcamp.org\/2013\/wp-json\/wp\/v2\/pages\/2149"}],"wp:attachment":[{"href":"https:\/\/portoalegre.wordcamp.org\/2013\/wp-json\/wp\/v2\/media?parent=6987"}],"curies":[{"name":"wp","href":"https:\/\/api.w.org\/{rel}","templated":true}]}}

Política de Privacidade

<p>Informações e dados pessoais fornecidos à organização do WordCamp Porto Alegre 2013 – cuja veracidade e exatidão são da total responsabilidade do inscrito – serão coletados e guardados em conformidade com padrões rígidos de confidencialidade e de segurança, e utilizados para as seguintes finalidades:</p>
<ul>
<li>comunicar o inscrito a respeito de novos produtos, promoções, notícias relacionadas ao evento;</li>
<li>manter atualizados os cadastros dos inscritos para fins de contato telefônico, e-mail;</li>
<li>elaborar estatísticas gerais, sem que haja identificação dos inscritos;</li>
<li>responder às dúvidas e solicitações dos inscritos no evento.</li>
</ul>
<p>O acesso às informações recebidas é restrito apenas aos integrantes da organização do WordCamp Porto Alegre 2013, autorizados para o uso adequado dessas informações. Se o inscrito desejar que seu cadastro seja excluído, ele poderá solicitar a exclusão a qualquer momento, o que será feito imediatamente. Feita tal exclusão, seu cadastro será desativado da base de dados do WordCamp Porto Alegre 2013.</p>
<p>A organização do WordCamp Porto Alegre 2013 não venderá ou alugará quaisquer dados pessoais dos usuários cadastrados a quaisquer terceiros.</p>

<p>Informações e dados pessoais fornecidos à organização do WordCamp Porto Alegre 2013 – cuja veracidade e exatidão são da total responsabilidade do inscrito – serão coletados e guardados em conformidade com padrões rígidos de confidencialidade e de segurança, e utilizados para as seguintes finalidades: comunicar o inscrito a respeito de novos produtos, promoções, notícias relacionadas [&hellip;]</p>
