{"id":2149,"date":"2013-05-15T03:17:36","date_gmt":"2013-05-15T06:17:36","guid":{"rendered":"https:\/\/2013.portoalegre.wordcamp.org\/?page_id=2149"},"modified":"2013-05-22T09:38:41","modified_gmt":"2013-05-22T12:38:41","slug":"sobre-o-evento","status":"publish","type":"page","link":"https:\/\/portoalegre.wordcamp.org\/2013\/sobre-o-evento\/","title":{"rendered":"Sobre o evento"},"content":{"rendered":"<p>O WordCamp \u00e9 um tipo de confer\u00eancia originada nos Estados Unidos sobre tudo o que for relacionado ao WordPress, plataforma opensource de publica\u00e7\u00e3o de blogs. S\u00e3o eventos organizados por comunidades de usu\u00e1rios do WordPress ao redor do mundo, onde desenvolvedores, designers, blogueiros e usu\u00e1rios casuais podem assistir a palestras e apresenta\u00e7\u00f5es, trocar ideias e se conhecer num ambiente informal.<\/p>\n<p><div id=\"attachment_2153\" style=\"width: 209px\" class=\"wp-caption alignleft\"><a href=\"https:\/\/2013.portoalegre.wordcamp.org\/files\/2013\/05\/matt4.jpg\"><img loading=\"lazy\" decoding=\"async\" aria-describedby=\"caption-attachment-2153\" data-attachment-id=\"2153\" data-permalink=\"https:\/\/portoalegre.wordcamp.org\/2013\/sobre-o-evento\/dsc_0080\/\" data-orig-file=\"https:\/\/portoalegre.wordcamp.org\/2013\/files\/2013\/05\/matt4.jpg\" data-orig-size=\"680,1024\" data-comments-opened=\"1\" data-image-meta=\"{&quot;aperture&quot;:&quot;0&quot;,&quot;credit&quot;:&quot;&quot;,&quot;camera&quot;:&quot;&quot;,&quot;caption&quot;:&quot;&quot;,&quot;created_timestamp&quot;:&quot;0&quot;,&quot;copyright&quot;:&quot;&quot;,&quot;focal_length&quot;:&quot;0&quot;,&quot;iso&quot;:&quot;0&quot;,&quot;shutter_speed&quot;:&quot;0&quot;,&quot;title&quot;:&quot;DSC_0080&quot;}\" data-image-title=\"\" data-image-description=\"\" data-image-caption=\"&lt;p&gt;Matt Mullenweg no WordCamp Brasil&lt;\/p&gt;\n\" data-large-file=\"https:\/\/portoalegre.wordcamp.org\/2013\/files\/2013\/05\/matt4.jpg\" src=\"https:\/\/2013.portoalegre.wordcamp.org\/files\/2013\/05\/matt4-199x300.jpg\" alt=\"Matt Mullenweg no WordCamp Brasil\" width=\"199\" height=\"300\" class=\"size-medium wp-image-2153\" srcset=\"https:\/\/portoalegre.wordcamp.org\/2013\/files\/2013\/05\/matt4-199x300.jpg 199w, https:\/\/portoalegre.wordcamp.org\/2013\/files\/2013\/05\/matt4-624x939.jpg 624w, https:\/\/portoalegre.wordcamp.org\/2013\/files\/2013\/05\/matt4.jpg 680w\" sizes=\"auto, (max-width: 199px) 100vw, 199px\" \/><\/a><p id=\"caption-attachment-2153\" class=\"wp-caption-text\">Matt Mullenweg no WordCamp Brasil<\/p><\/div>O primeiro WordCamp aconteceu em julho de 2006 em S\u00e3o Francisco. Foi organizado por Matt Mullenweg, criador do WordPress, em apenas tr\u00eas semanas, tornando-se um sucesso absoluto com 300 participantes. O primeiro WordCamp internacional do qual se teve not\u00edcia aconteceu em Israel no dia 25 de outubro de 2007. Desde ent\u00e3o o WordCamp se espalhou pelas capitais e principais cidades do mundo todo, como: Paris, Mil\u00e3o, T\u00f3quio, Melbourne, Sydney, Birmingham, Hamburgo e Vancouver (<a href=\"http:\/\/central.wordcamp.org\/schedule\/past-wordcamps\/\" target=\"_blank\">veja lista com todos os WordCamps realizados<\/a>) e em 2009 foi realizado o primeiro WordCamp Brasil na cidade de S\u00e3o Paulo com a presen\u00e7a de <a href=\"http:\/\/ma.tt\/about\/\" target=\"_blank\">Matt Mullenweg<\/a>.<\/p>\n<p>Depois do primeiro WordCamp Brasil a comunidade come\u00e7ou a se organizar para descentralizar a a\u00e7\u00e3o de S\u00e3o Paulo e em Outubro de 2010 foi realizado em Curitiba\/PR o segundo WordCamp (do Brasil) contando com a presen\u00e7a de cerca de 300 pessoas em 2 dias de evento. A seguir no ano de 2012, novamente em <a href=\"http:\/\/2012.curitiba.wordcamp.org\/\" target=\"_blank\">Curitiba<\/a> nos dias 14 e 15 de junho tivemos mais um WordCamp. Ap\u00f3s Curitiba a comunidade WordPress Brasil realizou o primeiro <a href=\"http:\/\/2012.saopaulo.wordcamp.org\/\" target=\"_blank\">WordCamp S\u00e3o Paulo<\/a> no dia 25 de agosto, no Campus Consola\u00e7\u00e3o da PUC SP. <\/p>\n<p>Agora \u00e9 a vez da comunidade realizar seu primeiro WordCamp em Porto Alegre, que ir\u00e1 ocorrer no dia 13 de Julho na <a href=\"https:\/\/2013.portoalegre.wordcamp.org\/sponsor\/ftec-faculdades\/\">Faculdade FTEC<\/a> no centro da cidade.<\/p>\n<p>Esperamos voc\u00eas!<\/p>\n","protected":false},"excerpt":{"rendered":"<p>O WordCamp \u00e9 um tipo de confer\u00eancia originada nos Estados Unidos sobre tudo o que for relacionado ao WordPress, plataforma opensource de publica\u00e7\u00e3o de blogs. S\u00e3o eventos organizados por comunidades de usu\u00e1rios do WordPress ao redor do mundo, onde desenvolvedores, designers, blogueiros e usu\u00e1rios casuais podem assistir a palestras e apresenta\u00e7\u00f5es, trocar ideias e se [&hellip;]<\/p>\n","protected":false},"author":7234016,"featured_media":0,"parent":0,"menu_order":0,"comment_status":"closed","ping_status":"closed","template":"","meta":{"_crdt_document":"","jetpack_post_was_ever_published":false,"footnotes":""},"class_list":["post-2149","page","type-page","status-publish","hentry"],"jetpack_shortlink":"https:\/\/wp.me\/P3wIVg-yF","jetpack_sharing_enabled":true,"_links":{"self":[{"href":"https:\/\/portoalegre.wordcamp.org\/2013\/wp-json\/wp\/v2\/pages\/2149","targetHints":{"allow":["GET"]}}],"collection":[{"href":"https:\/\/portoalegre.wordcamp.org\/2013\/wp-json\/wp\/v2\/pages"}],"about":[{"href":"https:\/\/portoalegre.wordcamp.org\/2013\/wp-json\/wp\/v2\/types\/page"}],"author":[{"embeddable":true,"href":"https:\/\/portoalegre.wordcamp.org\/2013\/wp-json\/wp\/v2\/users\/7234016"}],"replies":[{"embeddable":true,"href":"https:\/\/portoalegre.wordcamp.org\/2013\/wp-json\/wp\/v2\/comments?post=2149"}],"version-history":[{"count":22,"href":"https:\/\/portoalegre.wordcamp.org\/2013\/wp-json\/wp\/v2\/pages\/2149\/revisions"}],"predecessor-version":[{"id":18319,"href":"https:\/\/portoalegre.wordcamp.org\/2013\/wp-json\/wp\/v2\/pages\/2149\/revisions\/18319"}],"wp:attachment":[{"href":"https:\/\/portoalegre.wordcamp.org\/2013\/wp-json\/wp\/v2\/media?parent=2149"}],"curies":[{"name":"wp","href":"https:\/\/api.w.org\/{rel}","templated":true}]}}

<p>O WordCamp é um tipo de conferência originada nos Estados Unidos sobre tudo o que for relacionado ao WordPress, plataforma opensource de publicação de blogs. São eventos organizados por comunidades de usuários do WordPress ao redor do mundo, onde desenvolvedores, designers, blogueiros e usuários casuais podem assistir a palestras e apresentações, trocar ideias e se conhecer num ambiente informal.</p>
<p><div id="attachment_2153" style="width: 209px" class="wp-caption alignleft"><a href="https://2013.portoalegre.wordcamp.org/files/2013/05/matt4.jpg"><img loading="lazy" decoding="async" aria-describedby="caption-attachment-2153" data-attachment-id="2153" data-permalink="https://portoalegre.wordcamp.org/2013/sobre-o-evento/dsc_0080/" data-orig-file="https://portoalegre.wordcamp.org/2013/files/2013/05/matt4.jpg" data-orig-size="680,1024" data-comments-opened="1" data-image-meta="{&quot;aperture&quot;:&quot;0&quot;,&quot;credit&quot;:&quot;&quot;,&quot;camera&quot;:&quot;&quot;,&quot;caption&quot;:&quot;&quot;,&quot;created_timestamp&quot;:&quot;0&quot;,&quot;copyright&quot;:&quot;&quot;,&quot;focal_length&quot;:&quot;0&quot;,&quot;iso&quot;:&quot;0&quot;,&quot;shutter_speed&quot;:&quot;0&quot;,&quot;title&quot;:&quot;DSC_0080&quot;}" data-image-title="" data-image-description="" data-image-caption="&lt;p&gt;Matt Mullenweg no WordCamp Brasil&lt;/p&gt;
" data-large-file="https://portoalegre.wordcamp.org/2013/files/2013/05/matt4.jpg" src="https://2013.portoalegre.wordcamp.org/files/2013/05/matt4-199x300.jpg" alt="Matt Mullenweg no WordCamp Brasil" width="199" height="300" class="size-medium wp-image-2153" srcset="https://portoalegre.wordcamp.org/2013/files/2013/05/matt4-199x300.jpg 199w, https://portoalegre.wordcamp.org/2013/files/2013/05/matt4-624x939.jpg 624w, https://portoalegre.wordcamp.org/2013/files/2013/05/matt4.jpg 680w" sizes="auto, (max-width: 199px) 100vw, 199px" /></a><p id="caption-attachment-2153" class="wp-caption-text">Matt Mullenweg no WordCamp Brasil</p></div>O primeiro WordCamp aconteceu em julho de 2006 em São Francisco. Foi organizado por Matt Mullenweg, criador do WordPress, em apenas três semanas, tornando-se um sucesso absoluto com 300 participantes. O primeiro WordCamp internacional do qual se teve notícia aconteceu em Israel no dia 25 de outubro de 2007. Desde então o WordCamp se espalhou pelas capitais e principais cidades do mundo todo, como: Paris, Milão, Tóquio, Melbourne, Sydney, Birmingham, Hamburgo e Vancouver (<a href="http://central.wordcamp.org/schedule/past-wordcamps/" target="_blank">veja lista com todos os WordCamps realizados</a>) e em 2009 foi realizado o primeiro WordCamp Brasil na cidade de São Paulo com a presença de <a href="http://ma.tt/about/" target="_blank">Matt Mullenweg</a>.</p>
<p>Depois do primeiro WordCamp Brasil a comunidade começou a se organizar para descentralizar a ação de São Paulo e em Outubro de 2010 foi realizado em Curitiba/PR o segundo WordCamp (do Brasil) contando com a presença de cerca de 300 pessoas em 2 dias de evento. A seguir no ano de 2012, novamente em <a href="http://2012.curitiba.wordcamp.org/" target="_blank">Curitiba</a> nos dias 14 e 15 de junho tivemos mais um WordCamp. Após Curitiba a comunidade WordPress Brasil realizou o primeiro <a href="http://2012.saopaulo.wordcamp.org/" target="_blank">WordCamp São Paulo</a> no dia 25 de agosto, no Campus Consolação da PUC SP. </p>
<p>Agora é a vez da comunidade realizar seu primeiro WordCamp em Porto Alegre, que irá ocorrer no dia 13 de Julho na <a href="https://2013.portoalegre.wordcamp.org/sponsor/ftec-faculdades/">Faculdade FTEC</a> no centro da cidade.</p>
<p>Esperamos vocês!</p>

<p>O WordCamp é um tipo de conferência originada nos Estados Unidos sobre tudo o que for relacionado ao WordPress, plataforma opensource de publicação de blogs. São eventos organizados por comunidades de usuários do WordPress ao redor do mundo, onde desenvolvedores, designers, blogueiros e usuários casuais podem assistir a palestras e apresentações, trocar ideias e se [&hellip;]</p>
